{"id":4984,"date":"2025-01-17T10:53:42","date_gmt":"2025-01-17T09:53:42","guid":{"rendered":"https:\/\/www.tim-oesterreich.at\/steirischer-zentralraum\/?page_id=4984"},"modified":"2025-01-17T11:05:49","modified_gmt":"2025-01-17T10:05:49","slug":"handbuch-bakfiets-cargotrike","status":"publish","type":"page","link":"https:\/\/www.tim-oesterreich.at\/steirischer-zentralraum\/handbuch-bakfiets-cargotrike\/","title":{"rendered":"Handbuch Bakfiets CargoTrike"},"content":{"rendered":"<h1>Nutzungshinweise<\/h1>\n<h2>Lastenrad Fahrzeug &#8211; Bakfiets CargoTrike Cruiser Narrow Steps<\/h2>\n<div>\n<p style=\"text-align: center\"><a class=\"en-button en-button--large\" style=\"background-color: #00a096\" href=\"#buchen\">Buchen\/\u00d6ffnen<\/a><\/p>\n<\/div>\n<div>\n<p style=\"text-align: center\"><a class=\"en-button en-button--large\" style=\"background-color: #00a096\" href=\"#e_unterst\u00fctzung\">E-Unterst\u00fctzung<\/a><\/p>\n<\/div>\n<div>\n<p style=\"text-align: center\"><a class=\"en-button en-button--large\" style=\"background-color: #00a096\" href=\"#w\u00e4hrend_der_Fahrt\">W\u00e4hrend der Fahrt<\/a><\/p>\n<\/div>\n<div>\n<p style=\"text-align: center\"><a class=\"en-button en-button--large\" style=\"background-color: #00a096\" href=\"#abstellen\">Abstellen\/Zur\u00fcck am Standort<\/a><\/p>\n<\/div>\n<div>\n<p style=\"text-align: center\"><a class=\"en-button en-button--large\" style=\"background-color: #00a096\" href=\"#support\">Support und Sicherheit<\/a><\/p>\n<\/div>\n<div>\n<h1 id=\"buchen\"><\/h1>\n<\/div>\n<h3>Buchen\/\u00d6ffnen<\/h3>\n<div>\n<h3>Buchen\/\u00d6ffnen<\/h3>\n<ol>\n<li>Als tim-Mitglied meldest du dich \u00fcber die <a href=\"http:\/\/app.tim-zentralraum.at\">Buchungsplattform<\/a> an und reservierst das Lastenrad f\u00fcr den gew\u00fcnschten Zeitraum.<\/li>\n<li>Sobald deine Buchungszeit begonnen hat, kannst du das Schloss am Hinterreifen des Lastenrads \u00f6ffnen. Verwende daf\u00fcr entweder deine <strong>tim-Karte<\/strong> (beim Lastenrad Judendorf nicht m\u00f6glich) oder die tim-App.\n<ul>\n<li><strong>tim-Karte (nicht in Judendorf):<\/strong> Reibe deine tim-Karte beim NFC-Symbol hin und her, bis sich das Schloss \u00f6ffnet.<\/li>\n<li><strong>tim-App:<\/strong> Zum \u00d6ffnen via App, \u00f6ffne diese und klicke bei der aktuellen Buchung Fahrzeug auf das Sperrsymbol. In Judendorf ist es wichtig, dass das Bluetooth aktiviert ist. Bei den anderen Lastenr\u00e4dern scanne nach dem Dr\u00fccken des Sperrsymbols den QR-Code auf der R\u00fcckseite der Transportbox<\/li>\n<\/ul>\n<\/li>\n<li>Bevor du losf\u00e4hrst, <strong>entferne noch das Ladekabel (nicht in Judendorf)<\/strong>, schlie\u00dfe die Schutzabdeckung am Akku und h\u00e4nge dieses am Standort so auf, dass es nicht am Boden liegt.<\/li>\n<\/ol>\n<\/div>\n<div>\n<h1 id=\"e_unterst\u00fctzung\"><\/h1>\n<\/div>\n<h3>E-Unterst\u00fctzung<\/h3>\n<div>\n<ol>\n<li>\u00a0Um f\u00fcr die Fahrt die E-Unterst\u00fctzung zu aktiveren, dr\u00fccke den Einschalt-Knopf links hinten am Akku. Sobald die\u00a0 Unterst\u00fctzung aktiviert ist, leuchtet der Bildschirm.<\/li>\n<\/ol>\n<\/div>\n<p><img width=\"400\" height=\"352\" src=\"https:\/\/www.tim-oesterreich.at\/steirischer-zentralraum\/wp-content\/uploads\/sites\/4\/2025\/01\/lr-bakfiets-unterstuetzung-aktivieren-e1737107854447.png\" class=\"attachment-large size-large\" alt=\"\" decoding=\"async\" loading=\"lazy\" \/><\/p>\n<div>\n<ol start=\"2\">\n<li>Bedienung am Lenker:\n<ul>\n<li>Die Kn\u00f6pfe zur Bedienung der E-Unterst\u00fctzung befinden sich links an der Lenkerstange.<\/li>\n<li>Mit den Pfeiltasten regelst du die Unterst\u00fctzungsstufe.<\/li>\n<li>Auf der rechten Seite befindet sich die elektronische\u00a0 Gangschaltung &#8211; mit dem <span class=\"ILfuVd\" lang=\"de\"><span class=\"hgKElc\">\u25a1<\/span><\/span>&#8211; Knopf rechts kannst du zwischen manueller und automatischer Gangschaltung wechseln<\/li>\n<li>Mit den Pfeiltasten schaltest du zwischen den G\u00e4ngen<\/li>\n<\/ul>\n<\/li>\n<\/ol>\n<\/div>\n<p><img width=\"400\" height=\"357\" src=\"https:\/\/www.tim-oesterreich.at\/steirischer-zentralraum\/wp-content\/uploads\/sites\/4\/2025\/01\/bakfiets-bedienung-schaltung-e1737107867759.png\" class=\"attachment-large size-large\" alt=\"\" decoding=\"async\" loading=\"lazy\" \/><\/p>\n<div>\n<p style=\"text-align: right\"><a class=\"en-button\" href=\"#top\">nach oben<\/a><\/p>\n<\/div>\n<div>\n<h1 id=\"w\u00e4hrend_der_Fahrt\"><\/h1>\n<\/div>\n<h3>W\u00e4hrend der Fahrt<\/h3>\n<div>\n<ol>\n<li>In der Box darfst du maximal 100 kg auf einmal bef\u00f6rdern und Insassen m\u00fcssen sich anschnallen. Kinder unter 12 Jahren m\u00fcssen au\u00dferdem auch beim Mitfahren einen Helm tragen.<\/li>\n<li>Achte au\u00dferdem darauf in den Kurven langsam zu fahren, um nicht zu kippen.<\/li>\n<\/ol>\n<p style=\"text-align: right\"><a class=\"en-button\" href=\"#top\">nach oben<\/a><\/p>\n<\/div>\n<div>\n<h1 id=\"abstellen\"><\/h1>\n<\/div>\n<h3>Abstellen\/Zur\u00fcck am Standort<\/h3>\n<div>\n<ol>\n<li>Hast du alles erledigt? Dann stelle das Lastenrad wieder auf den daf\u00fcr vorgesehenen Stellplatz am tim-Standort.<\/li>\n<li>Zum Abschlie\u00dfen des Schlosses:\n<ul>\n<li><strong>Judendorf:<\/strong> \u00d6ffne die aktive Buchung in der tim-App. Anschlie\u00dfend dr\u00fccke wie beim<br \/>\nAufsperren auf das Schlosssymbol. Damit wird die Schlie\u00dfung am Schloss freigegeben und der Hebel kann geschlossen werden<\/li>\n<li><strong>Gratkorn:<\/strong> Dr\u00fccke den Knopf am Hebel des Lastenradschlosses, um die Sicherheitsverriegelung zu l\u00f6sen, und schlie\u00dfe danach das Rahmenschloss.<\/li>\n<\/ul>\n<\/li>\n<li>Dann dr\u00fccke den Ausschaltknopf- Knopf in der Mitte des Lenkers und stecke das Ladekabel wieder in die rechte Hinterseite am Akku.<\/li>\n<li>Zum Schluss aktiviere noch die Feststellbremse durch Anziehen der rechten Bremse und dr\u00fccken des silbernen Knopfes bzw. Verriegelung des Schnappmechanismus.<\/li>\n<\/ol>\n<p style=\"text-align: right\"><a class=\"en-button\" href=\"#top\">nach oben<\/a><\/p>\n<\/div>\n<div>\n<h1 id=\"support\"><\/h1>\n<\/div>\n<h3>Support und Sicherheit<\/h3>\n<div>\n<ul>\n<li>Bei Fragen zu deinen <strong>Buchungen<\/strong> oder zur <strong>Funktionsweise des Fahrzeugs<\/strong> kannst du das tim-Zentralraum-Team unter folgender Telefonnummer erreichen:<br \/>\n<strong>+43 (0) 316 844 888 200<\/strong><\/li>\n<li>In <strong>bedrohlichen Situationen<\/strong> oder bei <strong>Gefahr im Verzug<\/strong> w\u00e4hle unverz\u00fcglich den <strong>Notruf<\/strong>!<br \/>\n<strong><span style=\"font-size: large\">Feuerwehr: <span style=\"color: #e85265\">122<\/span><\/span><\/strong><br \/>\n<strong><span style=\"font-size: large\">Polizei: <span style=\"color: #e85265\">133<\/span><\/span><\/strong><br \/>\n<strong><span style=\"font-size: large\">Rettung: <span style=\"color: #e85265\">144<\/span><\/span><\/strong><br \/>\n<strong><span style=\"font-size: large\">Euro-Notruf: <span style=\"color: #e85265\">112<\/span><\/span><\/strong><\/li>\n<\/ul>\n<p style=\"text-align: right\"><a class=\"en-button\" href=\"#top\">nach oben<\/a><\/p>\n<\/div>\n","protected":false},"excerpt":{"rendered":"<p>Nutzungshinweise Lastenrad Fahrzeug &#8211; Bakfiets CargoTrike Cruiser Narrow Steps Buchen\/\u00d6ffnen E-Unterst\u00fctzung W\u00e4hrend der Fahrt Abstellen\/Zur\u00fcck am Standort Support und Sicherheit Buchen\/\u00d6ffnen Buchen\/\u00d6ffnen Als tim-Mitglied meldest du dich \u00fcber die Buchungsplattform an und reservierst das Lastenrad f\u00fcr den gew\u00fcnschten Zeitraum. Sobald deine Buchungszeit begonnen hat, kannst du das Schloss am Hinterreifen des Lastenrads \u00f6ffnen. Verwende daf\u00fcr [&hellip;]<\/p>\n","protected":false},"author":9,"featured_media":0,"parent":0,"menu_order":14,"comment_status":"closed","ping_status":"closed","template":"","meta":{"footnotes":""},"class_list":["post-4984","page","type-page","status-publish","hentry"],"acf":[],"yoast_head":"<!-- This site is optimized with the Yoast SEO plugin v26.7 - https:\/\/yoast.com\/wordpress\/plugins\/seo\/ -->\n<title>Handbuch Bakfiets CargoTrike - TIM Steirischer Zentralraum<\/title>\n<meta name=\"robots\" content=\"index, follow, max-snippet:-1, max-image-preview:large, max-video-preview:-1\" \/>\n<link rel=\"canonical\" href=\"https:\/\/www.tim-oesterreich.at\/steirischer-zentralraum\/handbuch-bakfiets-cargotrike\/\" \/>\n<meta property=\"og:locale\" content=\"de_DE\" \/>\n<meta property=\"og:type\" content=\"article\" \/>\n<meta property=\"og:title\" content=\"Handbuch Bakfiets CargoTrike - TIM Steirischer Zentralraum\" \/>\n<meta property=\"og:description\" content=\"Nutzungshinweise Lastenrad Fahrzeug &#8211; Bakfiets CargoTrike Cruiser Narrow Steps Buchen\/\u00d6ffnen E-Unterst\u00fctzung W\u00e4hrend der Fahrt Abstellen\/Zur\u00fcck am Standort Support und Sicherheit Buchen\/\u00d6ffnen Buchen\/\u00d6ffnen Als tim-Mitglied meldest du dich \u00fcber die Buchungsplattform an und reservierst das Lastenrad f\u00fcr den gew\u00fcnschten Zeitraum. Sobald deine Buchungszeit begonnen hat, kannst du das Schloss am Hinterreifen des Lastenrads \u00f6ffnen. Verwende daf\u00fcr [&hellip;]\" \/>\n<meta property=\"og:url\" content=\"https:\/\/www.tim-oesterreich.at\/steirischer-zentralraum\/handbuch-bakfiets-cargotrike\/\" \/>\n<meta property=\"og:site_name\" content=\"TIM Steirischer Zentralraum\" \/>\n<meta property=\"article:modified_time\" content=\"2025-01-17T10:05:49+00:00\" \/>\n<meta property=\"og:image\" content=\"https:\/\/www.tim-oesterreich.at\/steirischer-zentralraum\/wp-content\/uploads\/sites\/4\/2025\/01\/lr-bakfiets-unterstuetzung-aktivieren-e1737107854447.png\" \/>\n<meta name=\"twitter:card\" content=\"summary_large_image\" \/>\n<script type=\"application\/ld+json\" class=\"yoast-schema-graph\">{\"@context\":\"https:\/\/schema.org\",\"@graph\":[{\"@type\":\"WebPage\",\"@id\":\"https:\/\/www.tim-oesterreich.at\/steirischer-zentralraum\/handbuch-bakfiets-cargotrike\/\",\"url\":\"https:\/\/www.tim-oesterreich.at\/steirischer-zentralraum\/handbuch-bakfiets-cargotrike\/\",\"name\":\"Handbuch Bakfiets CargoTrike - TIM Steirischer Zentralraum\",\"isPartOf\":{\"@id\":\"https:\/\/www.tim-oesterreich.at\/steirischer-zentralraum\/#website\"},\"primaryImageOfPage\":{\"@id\":\"https:\/\/www.tim-oesterreich.at\/steirischer-zentralraum\/handbuch-bakfiets-cargotrike\/#primaryimage\"},\"image\":{\"@id\":\"https:\/\/www.tim-oesterreich.at\/steirischer-zentralraum\/handbuch-bakfiets-cargotrike\/#primaryimage\"},\"thumbnailUrl\":\"https:\/\/www.tim-oesterreich.at\/steirischer-zentralraum\/wp-content\/uploads\/sites\/4\/2025\/01\/lr-bakfiets-unterstuetzung-aktivieren-e1737107854447.png\",\"datePublished\":\"2025-01-17T09:53:42+00:00\",\"dateModified\":\"2025-01-17T10:05:49+00:00\",\"breadcrumb\":{\"@id\":\"https:\/\/www.tim-oesterreich.at\/steirischer-zentralraum\/handbuch-bakfiets-cargotrike\/#breadcrumb\"},\"inLanguage\":\"de\",\"potentialAction\":[{\"@type\":\"ReadAction\",\"target\":[\"https:\/\/www.tim-oesterreich.at\/steirischer-zentralraum\/handbuch-bakfiets-cargotrike\/\"]}]},{\"@type\":\"ImageObject\",\"inLanguage\":\"de\",\"@id\":\"https:\/\/www.tim-oesterreich.at\/steirischer-zentralraum\/handbuch-bakfiets-cargotrike\/#primaryimage\",\"url\":\"https:\/\/www.tim-oesterreich.at\/steirischer-zentralraum\/wp-content\/uploads\/sites\/4\/2025\/01\/lr-bakfiets-unterstuetzung-aktivieren-e1737107854447.png\",\"contentUrl\":\"https:\/\/www.tim-oesterreich.at\/steirischer-zentralraum\/wp-content\/uploads\/sites\/4\/2025\/01\/lr-bakfiets-unterstuetzung-aktivieren-e1737107854447.png\",\"width\":400,\"height\":352},{\"@type\":\"BreadcrumbList\",\"@id\":\"https:\/\/www.tim-oesterreich.at\/steirischer-zentralraum\/handbuch-bakfiets-cargotrike\/#breadcrumb\",\"itemListElement\":[{\"@type\":\"ListItem\",\"position\":1,\"name\":\"Startseite\",\"item\":\"https:\/\/www.tim-oesterreich.at\/steirischer-zentralraum\/\"},{\"@type\":\"ListItem\",\"position\":2,\"name\":\"Handbuch Bakfiets CargoTrike\"}]},{\"@type\":\"WebSite\",\"@id\":\"https:\/\/www.tim-oesterreich.at\/steirischer-zentralraum\/#website\",\"url\":\"https:\/\/www.tim-oesterreich.at\/steirischer-zentralraum\/\",\"name\":\"TIM Steirischer Zentralraum\",\"description\":\"\",\"potentialAction\":[{\"@type\":\"SearchAction\",\"target\":{\"@type\":\"EntryPoint\",\"urlTemplate\":\"https:\/\/www.tim-oesterreich.at\/steirischer-zentralraum\/?s={search_term_string}\"},\"query-input\":{\"@type\":\"PropertyValueSpecification\",\"valueRequired\":true,\"valueName\":\"search_term_string\"}}],\"inLanguage\":\"de\"}]}<\/script>\n<!-- \/ Yoast SEO plugin. -->","yoast_head_json":{"title":"Handbuch Bakfiets CargoTrike - TIM Steirischer Zentralraum","robots":{"index":"index","follow":"follow","max-snippet":"max-snippet:-1","max-image-preview":"max-image-preview:large","max-video-preview":"max-video-preview:-1"},"canonical":"https:\/\/www.tim-oesterreich.at\/steirischer-zentralraum\/handbuch-bakfiets-cargotrike\/","og_locale":"de_DE","og_type":"article","og_title":"Handbuch Bakfiets CargoTrike - TIM Steirischer Zentralraum","og_description":"Nutzungshinweise Lastenrad Fahrzeug &#8211; Bakfiets CargoTrike Cruiser Narrow Steps Buchen\/\u00d6ffnen E-Unterst\u00fctzung W\u00e4hrend der Fahrt Abstellen\/Zur\u00fcck am Standort Support und Sicherheit Buchen\/\u00d6ffnen Buchen\/\u00d6ffnen Als tim-Mitglied meldest du dich \u00fcber die Buchungsplattform an und reservierst das Lastenrad f\u00fcr den gew\u00fcnschten Zeitraum. Sobald deine Buchungszeit begonnen hat, kannst du das Schloss am Hinterreifen des Lastenrads \u00f6ffnen. Verwende daf\u00fcr [&hellip;]","og_url":"https:\/\/www.tim-oesterreich.at\/steirischer-zentralraum\/handbuch-bakfiets-cargotrike\/","og_site_name":"TIM Steirischer Zentralraum","article_modified_time":"2025-01-17T10:05:49+00:00","og_image":[{"url":"https:\/\/www.tim-oesterreich.at\/steirischer-zentralraum\/wp-content\/uploads\/sites\/4\/2025\/01\/lr-bakfiets-unterstuetzung-aktivieren-e1737107854447.png","type":"","width":"","height":""}],"twitter_card":"summary_large_image","schema":{"@context":"https:\/\/schema.org","@graph":[{"@type":"WebPage","@id":"https:\/\/www.tim-oesterreich.at\/steirischer-zentralraum\/handbuch-bakfiets-cargotrike\/","url":"https:\/\/www.tim-oesterreich.at\/steirischer-zentralraum\/handbuch-bakfiets-cargotrike\/","name":"Handbuch Bakfiets CargoTrike - TIM Steirischer Zentralraum","isPartOf":{"@id":"https:\/\/www.tim-oesterreich.at\/steirischer-zentralraum\/#website"},"primaryImageOfPage":{"@id":"https:\/\/www.tim-oesterreich.at\/steirischer-zentralraum\/handbuch-bakfiets-cargotrike\/#primaryimage"},"image":{"@id":"https:\/\/www.tim-oesterreich.at\/steirischer-zentralraum\/handbuch-bakfiets-cargotrike\/#primaryimage"},"thumbnailUrl":"https:\/\/www.tim-oesterreich.at\/steirischer-zentralraum\/wp-content\/uploads\/sites\/4\/2025\/01\/lr-bakfiets-unterstuetzung-aktivieren-e1737107854447.png","datePublished":"2025-01-17T09:53:42+00:00","dateModified":"2025-01-17T10:05:49+00:00","breadcrumb":{"@id":"https:\/\/www.tim-oesterreich.at\/steirischer-zentralraum\/handbuch-bakfiets-cargotrike\/#breadcrumb"},"inLanguage":"de","potentialAction":[{"@type":"ReadAction","target":["https:\/\/www.tim-oesterreich.at\/steirischer-zentralraum\/handbuch-bakfiets-cargotrike\/"]}]},{"@type":"ImageObject","inLanguage":"de","@id":"https:\/\/www.tim-oesterreich.at\/steirischer-zentralraum\/handbuch-bakfiets-cargotrike\/#primaryimage","url":"https:\/\/www.tim-oesterreich.at\/steirischer-zentralraum\/wp-content\/uploads\/sites\/4\/2025\/01\/lr-bakfiets-unterstuetzung-aktivieren-e1737107854447.png","contentUrl":"https:\/\/www.tim-oesterreich.at\/steirischer-zentralraum\/wp-content\/uploads\/sites\/4\/2025\/01\/lr-bakfiets-unterstuetzung-aktivieren-e1737107854447.png","width":400,"height":352},{"@type":"BreadcrumbList","@id":"https:\/\/www.tim-oesterreich.at\/steirischer-zentralraum\/handbuch-bakfiets-cargotrike\/#breadcrumb","itemListElement":[{"@type":"ListItem","position":1,"name":"Startseite","item":"https:\/\/www.tim-oesterreich.at\/steirischer-zentralraum\/"},{"@type":"ListItem","position":2,"name":"Handbuch Bakfiets CargoTrike"}]},{"@type":"WebSite","@id":"https:\/\/www.tim-oesterreich.at\/steirischer-zentralraum\/#website","url":"https:\/\/www.tim-oesterreich.at\/steirischer-zentralraum\/","name":"TIM Steirischer Zentralraum","description":"","potentialAction":[{"@type":"SearchAction","target":{"@type":"EntryPoint","urlTemplate":"https:\/\/www.tim-oesterreich.at\/steirischer-zentralraum\/?s={search_term_string}"},"query-input":{"@type":"PropertyValueSpecification","valueRequired":true,"valueName":"search_term_string"}}],"inLanguage":"de"}]}},"lang":"de","translations":{"de":4984,"en":5001},"pll_sync_post":[],"_links":{"self":[{"href":"https:\/\/www.tim-oesterreich.at\/steirischer-zentralraum\/wp-json\/wp\/v2\/pages\/4984","targetHints":{"allow":["GET"]}}],"collection":[{"href":"https:\/\/www.tim-oesterreich.at\/steirischer-zentralraum\/wp-json\/wp\/v2\/pages"}],"about":[{"href":"https:\/\/www.tim-oesterreich.at\/steirischer-zentralraum\/wp-json\/wp\/v2\/types\/page"}],"author":[{"embeddable":true,"href":"https:\/\/www.tim-oesterreich.at\/steirischer-zentralraum\/wp-json\/wp\/v2\/users\/9"}],"replies":[{"embeddable":true,"href":"https:\/\/www.tim-oesterreich.at\/steirischer-zentralraum\/wp-json\/wp\/v2\/comments?post=4984"}],"version-history":[{"count":7,"href":"https:\/\/www.tim-oesterreich.at\/steirischer-zentralraum\/wp-json\/wp\/v2\/pages\/4984\/revisions"}],"predecessor-version":[{"id":5000,"href":"https:\/\/www.tim-oesterreich.at\/steirischer-zentralraum\/wp-json\/wp\/v2\/pages\/4984\/revisions\/5000"}],"wp:attachment":[{"href":"https:\/\/www.tim-oesterreich.at\/steirischer-zentralraum\/wp-json\/wp\/v2\/media?parent=4984"}],"curies":[{"name":"wp","href":"https:\/\/api.w.org\/{rel}","templated":true}]}}