{"id":3386,"date":"2022-10-28T11:53:59","date_gmt":"2022-10-28T09:53:59","guid":{"rendered":"https:\/\/www.tim-oesterreich.at\/steirischer-zentralraum\/?page_id=3386"},"modified":"2023-04-05T14:46:17","modified_gmt":"2023-04-05T12:46:17","slug":"lastenrad","status":"publish","type":"page","link":"https:\/\/www.tim-oesterreich.at\/steirischer-zentralraum\/lastenrad\/","title":{"rendered":"tim-Lastenrad"},"content":{"rendered":"<h2>tim Hasnerplatz<\/h2>\n<p><>e-Lastenradsharing<\/><\/p>\n<div>\n<p>Ob kurzer Shoppingtrip, Einkauf im M\u00f6belhaus oder Wochenendausflug mit Freund:innen oder Kindern \u2013 <strong>mit tim bist du in jeder Situation flexibel unterwegs!<\/strong><\/p>\n<\/div>\n<ul>\n<li>\n<h3><strong>e-Lastenrad <\/strong>Sharing<\/h3>\n<div>\n<ul>\n<li>optimal f\u00fcr den Einkauf oder den Wochenendausflug<\/li>\n<li>die ersten 3 Stunden kostenlos<\/li>\n<li>danach 1\u20ac\/Stunde<\/li>\n<li><strong><strong>Christiania Bikes E-Light oder Bakfiets CargoTrike Cruiser Narrow Steps<\/strong><\/strong><\/li>\n<\/ul>\n<\/div>\n<\/li>\n<\/ul>\n<h3>Christiania Bikes E-Light <\/h3>\n<div>\n<p><strong>Reichweite:<\/strong> 25-30 km<sup>1<\/sup><br \/>\n<strong>Ladevolumen:<\/strong> 100 kg + Fahrer:in<br \/>\n<strong>Sitzpla\u0308tze:<\/strong> Fahrersitz + Sitzbank mit Gurt f\u00fcr bis zu zwei Kinder<br \/>\n<strong>Standorte:<\/strong> B\u00e4rnbach, Feldkirchen bei Graz, Hart bei Graz, Lassnitzh\u00f6he, Lieboch, Nestelbach bei Graz, Premst\u00e4tten, S\u00f6ding-St. Johann, Stattegg<br \/>\n<strong>Weitere Spezifikationen:<\/strong> Heckmotor, Kettenschaltung mit Scheibenbremsen, Lichtanlage<\/p>\n<\/div>\n<p><a href=\"http:\/\/app.tim-zentralraum.at\/login\">Lastenrad buchen<\/a> <a href=\"https:\/\/www.tim-oesterreich.at\/steirischer-zentralraum\/wp-content\/uploads\/sites\/4\/2023\/04\/tim-zentralraum-lastenradtarife-11-2022v2.pdf\">Lastenrad Tarife<\/a> <a href=\"https:\/\/www.tim-oesterreich.at\/steirischer-zentralraum\/handbuch-christiania-light\/\">Handbuch<\/a> <\/p>\n<dl>\n<dt>ab der 4. Stunde<\/dt>\n<dd><span class=\"en-price__unit\">\u20ac<\/span>1<\/dd>\n<\/dl>\n<h3>Bakfiets CargoTrike Cruiser Narrow Steps <\/h3>\n<div>\n<p><strong>Reichweite:<\/strong> 30-50 km<sup>1<\/sup><br \/>\n<strong>Ladevolumen:<\/strong> 100 kg + Fahrer:in<br \/>\n<strong>Sitzpla\u0308tze:<\/strong> Fahrersitz + zwei Sitzb\u00e4nke mit Gurt f\u00fcr bis zu vier Kinder<br \/>\n<strong>Standort:<\/strong> Judendorf in der Marktgemeinde Gratwein-Stra\u00dfengel<br \/>\n<strong>Weitere Spezifikationen:<\/strong> Mittelmotor, Kettenschaltung mit Scheibenbremsen, Lichtanlage<\/p>\n<\/div>\n<p><a href=\"http:\/\/app.tim-zentralraum.at\/login\">Lastenrad buchen<\/a> <a href=\"https:\/\/www.tim-oesterreich.at\/steirischer-zentralraum\/wp-content\/uploads\/sites\/4\/2023\/04\/tim-zentralraum-lastenradtarife-11-2022v2.pdf\">Lastenrad Tarife<\/a> <a href=\"https:\/\/www.tim-oesterreich.at\/steirischer-zentralraum\/wp-content\/uploads\/sites\/4\/2022\/05\/tim-lastenrad-anleitung_gratwein.pdf\">Handbuch<\/a> <\/p>\n<dl>\n<dt>ab der 4. Stunde<\/dt>\n<dd><span class=\"en-price__unit\">\u20ac<\/span>1<\/dd>\n<\/dl>\n<div>\n<div style=\"text-align: center;padding-bottom: 3em\">\n<p style=\"font-size: 0.75em\"><sup>1<\/sup> Je nach ben\u00f6tigter Unterst\u00fctzung<\/p>\n<p>M\u00f6chtest du mehr \u00fcber das tim Angebot in Graz wissen? Dann informiere dich bei\u00a0<a href=\"\/graz\/autos\/\">tim Graz!<\/a><\/p>\n<\/div>\n<\/div>\n","protected":false},"excerpt":{"rendered":"<p>tim Hasnerplatz e-Lastenradsharing Ob kurzer Shoppingtrip, Einkauf im M\u00f6belhaus oder Wochenendausflug mit Freund:innen oder Kindern \u2013 mit tim bist du in jeder Situation flexibel unterwegs! e-Lastenrad Sharing optimal f\u00fcr den Einkauf oder den Wochenendausflug die ersten 3 Stunden kostenlos danach 1\u20ac\/Stunde Christiania Bikes E-Light oder Bakfiets CargoTrike Cruiser Narrow Steps Christiania Bikes E-Light Reichweite: 25-30 [&hellip;]<\/p>\n","protected":false},"author":8,"featured_media":0,"parent":0,"menu_order":2,"comment_status":"closed","ping_status":"closed","template":"","meta":{"footnotes":""},"class_list":["post-3386","page","type-page","status-publish","hentry"],"acf":[],"yoast_head":"<!-- This site is optimized with the Yoast SEO plugin v26.7 - https:\/\/yoast.com\/wordpress\/plugins\/seo\/ -->\n<title>tim-Lastenrad - TIM Steirischer Zentralraum<\/title>\n<meta name=\"robots\" content=\"index, follow, max-snippet:-1, max-image-preview:large, max-video-preview:-1\" \/>\n<link rel=\"canonical\" href=\"https:\/\/www.tim-oesterreich.at\/steirischer-zentralraum\/lastenrad\/\" \/>\n<meta property=\"og:locale\" content=\"de_DE\" \/>\n<meta property=\"og:type\" content=\"article\" \/>\n<meta property=\"og:title\" content=\"tim-Lastenrad - TIM Steirischer Zentralraum\" \/>\n<meta property=\"og:description\" content=\"tim Hasnerplatz e-Lastenradsharing Ob kurzer Shoppingtrip, Einkauf im M\u00f6belhaus oder Wochenendausflug mit Freund:innen oder Kindern \u2013 mit tim bist du in jeder Situation flexibel unterwegs! e-Lastenrad Sharing optimal f\u00fcr den Einkauf oder den Wochenendausflug die ersten 3 Stunden kostenlos danach 1\u20ac\/Stunde Christiania Bikes E-Light oder Bakfiets CargoTrike Cruiser Narrow Steps Christiania Bikes E-Light Reichweite: 25-30 [&hellip;]\" \/>\n<meta property=\"og:url\" content=\"https:\/\/www.tim-oesterreich.at\/steirischer-zentralraum\/lastenrad\/\" \/>\n<meta property=\"og:site_name\" content=\"TIM Steirischer Zentralraum\" \/>\n<meta property=\"article:modified_time\" content=\"2023-04-05T12:46:17+00:00\" \/>\n<meta name=\"twitter:card\" content=\"summary_large_image\" \/>\n<script type=\"application\/ld+json\" class=\"yoast-schema-graph\">{\"@context\":\"https:\/\/schema.org\",\"@graph\":[{\"@type\":\"WebPage\",\"@id\":\"https:\/\/www.tim-oesterreich.at\/steirischer-zentralraum\/lastenrad\/\",\"url\":\"https:\/\/www.tim-oesterreich.at\/steirischer-zentralraum\/lastenrad\/\",\"name\":\"tim-Lastenrad - TIM Steirischer Zentralraum\",\"isPartOf\":{\"@id\":\"https:\/\/www.tim-oesterreich.at\/steirischer-zentralraum\/#website\"},\"datePublished\":\"2022-10-28T09:53:59+00:00\",\"dateModified\":\"2023-04-05T12:46:17+00:00\",\"breadcrumb\":{\"@id\":\"https:\/\/www.tim-oesterreich.at\/steirischer-zentralraum\/lastenrad\/#breadcrumb\"},\"inLanguage\":\"de\",\"potentialAction\":[{\"@type\":\"ReadAction\",\"target\":[\"https:\/\/www.tim-oesterreich.at\/steirischer-zentralraum\/lastenrad\/\"]}]},{\"@type\":\"BreadcrumbList\",\"@id\":\"https:\/\/www.tim-oesterreich.at\/steirischer-zentralraum\/lastenrad\/#breadcrumb\",\"itemListElement\":[{\"@type\":\"ListItem\",\"position\":1,\"name\":\"Startseite\",\"item\":\"https:\/\/www.tim-oesterreich.at\/steirischer-zentralraum\/\"},{\"@type\":\"ListItem\",\"position\":2,\"name\":\"tim-Lastenrad\"}]},{\"@type\":\"WebSite\",\"@id\":\"https:\/\/www.tim-oesterreich.at\/steirischer-zentralraum\/#website\",\"url\":\"https:\/\/www.tim-oesterreich.at\/steirischer-zentralraum\/\",\"name\":\"TIM Steirischer Zentralraum\",\"description\":\"\",\"potentialAction\":[{\"@type\":\"SearchAction\",\"target\":{\"@type\":\"EntryPoint\",\"urlTemplate\":\"https:\/\/www.tim-oesterreich.at\/steirischer-zentralraum\/?s={search_term_string}\"},\"query-input\":{\"@type\":\"PropertyValueSpecification\",\"valueRequired\":true,\"valueName\":\"search_term_string\"}}],\"inLanguage\":\"de\"}]}<\/script>\n<!-- \/ Yoast SEO plugin. -->","yoast_head_json":{"title":"tim-Lastenrad - TIM Steirischer Zentralraum","robots":{"index":"index","follow":"follow","max-snippet":"max-snippet:-1","max-image-preview":"max-image-preview:large","max-video-preview":"max-video-preview:-1"},"canonical":"https:\/\/www.tim-oesterreich.at\/steirischer-zentralraum\/lastenrad\/","og_locale":"de_DE","og_type":"article","og_title":"tim-Lastenrad - TIM Steirischer Zentralraum","og_description":"tim Hasnerplatz e-Lastenradsharing Ob kurzer Shoppingtrip, Einkauf im M\u00f6belhaus oder Wochenendausflug mit Freund:innen oder Kindern \u2013 mit tim bist du in jeder Situation flexibel unterwegs! e-Lastenrad Sharing optimal f\u00fcr den Einkauf oder den Wochenendausflug die ersten 3 Stunden kostenlos danach 1\u20ac\/Stunde Christiania Bikes E-Light oder Bakfiets CargoTrike Cruiser Narrow Steps Christiania Bikes E-Light Reichweite: 25-30 [&hellip;]","og_url":"https:\/\/www.tim-oesterreich.at\/steirischer-zentralraum\/lastenrad\/","og_site_name":"TIM Steirischer Zentralraum","article_modified_time":"2023-04-05T12:46:17+00:00","twitter_card":"summary_large_image","schema":{"@context":"https:\/\/schema.org","@graph":[{"@type":"WebPage","@id":"https:\/\/www.tim-oesterreich.at\/steirischer-zentralraum\/lastenrad\/","url":"https:\/\/www.tim-oesterreich.at\/steirischer-zentralraum\/lastenrad\/","name":"tim-Lastenrad - TIM Steirischer Zentralraum","isPartOf":{"@id":"https:\/\/www.tim-oesterreich.at\/steirischer-zentralraum\/#website"},"datePublished":"2022-10-28T09:53:59+00:00","dateModified":"2023-04-05T12:46:17+00:00","breadcrumb":{"@id":"https:\/\/www.tim-oesterreich.at\/steirischer-zentralraum\/lastenrad\/#breadcrumb"},"inLanguage":"de","potentialAction":[{"@type":"ReadAction","target":["https:\/\/www.tim-oesterreich.at\/steirischer-zentralraum\/lastenrad\/"]}]},{"@type":"BreadcrumbList","@id":"https:\/\/www.tim-oesterreich.at\/steirischer-zentralraum\/lastenrad\/#breadcrumb","itemListElement":[{"@type":"ListItem","position":1,"name":"Startseite","item":"https:\/\/www.tim-oesterreich.at\/steirischer-zentralraum\/"},{"@type":"ListItem","position":2,"name":"tim-Lastenrad"}]},{"@type":"WebSite","@id":"https:\/\/www.tim-oesterreich.at\/steirischer-zentralraum\/#website","url":"https:\/\/www.tim-oesterreich.at\/steirischer-zentralraum\/","name":"TIM Steirischer Zentralraum","description":"","potentialAction":[{"@type":"SearchAction","target":{"@type":"EntryPoint","urlTemplate":"https:\/\/www.tim-oesterreich.at\/steirischer-zentralraum\/?s={search_term_string}"},"query-input":{"@type":"PropertyValueSpecification","valueRequired":true,"valueName":"search_term_string"}}],"inLanguage":"de"}]}},"lang":"de","translations":{"de":3386,"en":4093},"pll_sync_post":[],"_links":{"self":[{"href":"https:\/\/www.tim-oesterreich.at\/steirischer-zentralraum\/wp-json\/wp\/v2\/pages\/3386","targetHints":{"allow":["GET"]}}],"collection":[{"href":"https:\/\/www.tim-oesterreich.at\/steirischer-zentralraum\/wp-json\/wp\/v2\/pages"}],"about":[{"href":"https:\/\/www.tim-oesterreich.at\/steirischer-zentralraum\/wp-json\/wp\/v2\/types\/page"}],"author":[{"embeddable":true,"href":"https:\/\/www.tim-oesterreich.at\/steirischer-zentralraum\/wp-json\/wp\/v2\/users\/8"}],"replies":[{"embeddable":true,"href":"https:\/\/www.tim-oesterreich.at\/steirischer-zentralraum\/wp-json\/wp\/v2\/comments?post=3386"}],"version-history":[{"count":7,"href":"https:\/\/www.tim-oesterreich.at\/steirischer-zentralraum\/wp-json\/wp\/v2\/pages\/3386\/revisions"}],"predecessor-version":[{"id":3414,"href":"https:\/\/www.tim-oesterreich.at\/steirischer-zentralraum\/wp-json\/wp\/v2\/pages\/3386\/revisions\/3414"}],"wp:attachment":[{"href":"https:\/\/www.tim-oesterreich.at\/steirischer-zentralraum\/wp-json\/wp\/v2\/media?parent=3386"}],"curies":[{"name":"wp","href":"https:\/\/api.w.org\/{rel}","templated":true}]}}