{"id":2928,"date":"2022-10-28T12:10:12","date_gmt":"2022-10-28T10:10:12","guid":{"rendered":"https:\/\/www.tim-oesterreich.at\/steirischer-zentralraum\/?page_id=2928"},"modified":"2023-05-12T09:32:23","modified_gmt":"2023-05-12T07:32:23","slug":"handbuch-vw-e-golf","status":"publish","type":"page","link":"https:\/\/www.tim-oesterreich.at\/steirischer-zentralraum\/handbuch-vw-e-golf\/","title":{"rendered":"Handbuch VW e-Golf"},"content":{"rendered":"<h1>Nutzungshinweise<\/h1>\n<h2>Carsharing Fahrzeug &#8211; VW e-Golf<\/h2>\n<div>\n<p style=\"text-align: center\"><a class=\"en-button en-button--large\" style=\"background-color: #00a096\" href=\"#kfz_start\">Fahrzeug starten<\/a><\/p>\n<\/div>\n<div>\n<p style=\"text-align: center\"><a class=\"en-button en-button--large\" style=\"background-color: #00a096\" href=\"#kfz_laden\">Laden des Fahrzeugs<\/a><\/p>\n<\/div>\n<div>\n<p style=\"text-align: center\"><a class=\"en-button en-button--large\" style=\"background-color: #00a096\" href=\"#lade_vo_ko\">Bedienung Lades\u00e4ulen Voitsberg und K\u00f6flach<\/a><\/p>\n<\/div>\n<div>\n<p style=\"text-align: center\"><a class=\"en-button en-button--large\" style=\"background-color: #00a096\" href=\"#support\">Support und Sicherheit<\/a><\/p>\n<\/div>\n<div>\n<h1 id=\"kfz_start\"><\/h1>\n<\/div>\n<h3>Fahrzeug starten<\/h3>\n<div>\n<ul>\n<li>Stelle sicher, dass das <strong>Ladekabel entfernt<\/strong> und im Kofferraum des Fahrzeugs verstaut wurde (Siehe <strong>&#8222;Laden des Fahrzeugs&#8220;<\/strong>).<\/li>\n<li>Zum Starten des Fahrzeugs tritt fest auf die <strong>Bremse<\/strong> und dru\u0308ck den <strong>Startknopf<\/strong> (Siehe Bild) der sich neben dem Schalthebel befindet. L\u00f6se durch einmal dr\u00fccken die elektronische Parkbremse in der Mittelkonsole (Siehe Bild).<\/li>\n<\/ul>\n<\/div>\n<p><img width=\"768\" height=\"768\" src=\"https:\/\/www.tim-oesterreich.at\/steirischer-zentralraum\/wp-content\/uploads\/sites\/4\/2020\/10\/schalthebel-bremse.jpg\" class=\"attachment-large size-large\" alt=\"\" decoding=\"async\" loading=\"lazy\" srcset=\"https:\/\/www.tim-oesterreich.at\/steirischer-zentralraum\/wp-content\/uploads\/sites\/4\/2020\/10\/schalthebel-bremse.jpg 768w, https:\/\/www.tim-oesterreich.at\/steirischer-zentralraum\/wp-content\/uploads\/sites\/4\/2020\/10\/schalthebel-bremse-150x150.jpg 150w, https:\/\/www.tim-oesterreich.at\/steirischer-zentralraum\/wp-content\/uploads\/sites\/4\/2020\/10\/schalthebel-bremse-420x420.jpg 420w\" sizes=\"auto, (max-width: 768px) 100vw, 768px\" \/><img width=\"1024\" height=\"768\" src=\"https:\/\/www.tim-oesterreich.at\/steirischer-zentralraum\/wp-content\/uploads\/sites\/4\/2020\/10\/starknopf-parkbremse-egolf.jpg\" class=\"attachment-large size-large\" alt=\"\" decoding=\"async\" loading=\"lazy\" srcset=\"https:\/\/www.tim-oesterreich.at\/steirischer-zentralraum\/wp-content\/uploads\/sites\/4\/2020\/10\/starknopf-parkbremse-egolf.jpg 1024w, https:\/\/www.tim-oesterreich.at\/steirischer-zentralraum\/wp-content\/uploads\/sites\/4\/2020\/10\/starknopf-parkbremse-egolf-840x630.jpg 840w, https:\/\/www.tim-oesterreich.at\/steirischer-zentralraum\/wp-content\/uploads\/sites\/4\/2020\/10\/starknopf-parkbremse-egolf-768x576.jpg 768w, https:\/\/www.tim-oesterreich.at\/steirischer-zentralraum\/wp-content\/uploads\/sites\/4\/2020\/10\/starknopf-parkbremse-egolf-560x420.jpg 560w\" sizes=\"auto, (max-width: 1024px) 100vw, 1024px\" \/><\/p>\n<div>\n<ul>\n<li>Stell zum Losfahren den Schalthebel in die Position <strong>D<\/strong> (vorw\u00e4rts) oder <strong>R<\/strong> (r\u00fcckw\u00e4rts) und stell sicher, dass die elektronische Parkbremse gel\u00f6st ist.<br \/>\nDas Fahrzeug f\u00e4hrt los <strong>sobald du das Bremspedal losl\u00e4sst<\/strong> (ohne auf das Gaspedal zu dr\u00fccken).<\/li>\n<li>Zum Abstellen des Fahrzeugs stell den Schalthebel auf die Position P und dr\u00fcck erneut den Startknopf. Zieh die elektronische Parkbremse an.<\/li>\n<\/ul>\n<p style=\"text-align: right\"><a class=\"en-button\" href=\"#top\">nach oben<\/a><\/p>\n<\/div>\n<div>\n<h1 id=\"kfz_laden\"><\/h1>\n<\/div>\n<h3>Laden des Fahrzeugs<\/h3>\n<div>\n<ul>\n<li>Bring den Schalthebel in die Position <strong>P<\/strong> und stell die Z\u00fcndung ab.<\/li>\n<li>Nimm das Ladekabel aus dem Kofferraum und schlie\u00df es an die Stromquelle (Lades\u00e4ule) an.<\/li>\n<li>\u00d6ffne die <strong>Klappe<\/strong>, steck das Ladekabel ein und versichere dich, dass dieses <strong>eingerastet<\/strong> ist.<\/li>\n<\/ul>\n<\/div>\n<p><img width=\"1024\" height=\"768\" src=\"https:\/\/www.tim-oesterreich.at\/steirischer-zentralraum\/wp-content\/uploads\/sites\/4\/2020\/10\/ladekabel-egolf.jpg\" class=\"attachment-large size-large\" alt=\"\" decoding=\"async\" loading=\"lazy\" srcset=\"https:\/\/www.tim-oesterreich.at\/steirischer-zentralraum\/wp-content\/uploads\/sites\/4\/2020\/10\/ladekabel-egolf.jpg 1024w, https:\/\/www.tim-oesterreich.at\/steirischer-zentralraum\/wp-content\/uploads\/sites\/4\/2020\/10\/ladekabel-egolf-840x630.jpg 840w, https:\/\/www.tim-oesterreich.at\/steirischer-zentralraum\/wp-content\/uploads\/sites\/4\/2020\/10\/ladekabel-egolf-768x576.jpg 768w, https:\/\/www.tim-oesterreich.at\/steirischer-zentralraum\/wp-content\/uploads\/sites\/4\/2020\/10\/ladekabel-egolf-560x420.jpg 560w\" sizes=\"auto, (max-width: 1024px) 100vw, 1024px\" \/><\/p>\n<div>\n<ul>\n<li>Das Fahrzeug verriegelt das Ladekabel nach dem Stecken. \u00dcberpr\u00fcfe die Verriegelung indem du vorsichtig am Griff des Ladekabels ziehst.<\/li>\n<li>Um den Ladevorgang an der Lades\u00e4ule zu starten, muss diese durch die <strong>Ladekarte im Fahrzeug freigeschaltet<\/strong> werden.<\/li>\n<\/ul>\n<h3>Abstecken des Fahrzeugs<\/h3>\n<ul>\n<li>Um den Ladeanschluss des Fahrzeugs zum Wegfahren wieder zu entriegeln, dr\u00fcck den Knopf (siehe Bild) links in der Fahrert\u00fcr.<\/li>\n<\/ul>\n<\/div>\n<p><img width=\"1024\" height=\"768\" src=\"https:\/\/www.tim-oesterreich.at\/steirischer-zentralraum\/wp-content\/uploads\/sites\/4\/2020\/10\/knopf-ladekabel-entriegeln-egolf.jpg\" class=\"attachment-large size-large\" alt=\"\" decoding=\"async\" loading=\"lazy\" srcset=\"https:\/\/www.tim-oesterreich.at\/steirischer-zentralraum\/wp-content\/uploads\/sites\/4\/2020\/10\/knopf-ladekabel-entriegeln-egolf.jpg 1024w, https:\/\/www.tim-oesterreich.at\/steirischer-zentralraum\/wp-content\/uploads\/sites\/4\/2020\/10\/knopf-ladekabel-entriegeln-egolf-840x630.jpg 840w, https:\/\/www.tim-oesterreich.at\/steirischer-zentralraum\/wp-content\/uploads\/sites\/4\/2020\/10\/knopf-ladekabel-entriegeln-egolf-768x576.jpg 768w, https:\/\/www.tim-oesterreich.at\/steirischer-zentralraum\/wp-content\/uploads\/sites\/4\/2020\/10\/knopf-ladekabel-entriegeln-egolf-560x420.jpg 560w\" sizes=\"auto, (max-width: 1024px) 100vw, 1024px\" \/><\/p>\n<div>\n<ul>\n<li>Stecke das Ladekabel am Auto und dann an der Lades\u00e4ule ab.<\/li>\n<li>Verstaue das Ladekabel anschlie\u00dfend im Kofferraum und versichere dich, dass das Auto keine Sch\u00e4den aufweist. Bei Sch\u00e4den melde diese unverz\u00fcglich beim tim-Zentralraum-Serviceteam.<\/li>\n<\/ul>\n<p style=\"text-align: right\"><a class=\"en-button\" href=\"#top\">nach oben<\/a><\/p>\n<\/div>\n<div>\n<h1 id=\"lade_vo_ko\"><\/h1>\n<\/div>\n<h3>Bedienung Lades\u00e4ulen Voitsberg und K\u00f6flach<\/h3>\n<div>\n<ul>\n<li>Stelle sicher, dass du das Ladekabel am Fahrzeug und danach an der Lades\u00e4ule fest angeschlossen hast.<\/li>\n<li>Geh zum Bezahlterminal der Lades\u00e4ulen. Dieses befindet sich in der N\u00e4he der Lades\u00e4ulen. Dr\u00fccke den Start-Knopf, um weitere Optionen ausw\u00e4hlen zu k\u00f6nnen, damit der Ladevorgang in den n\u00e4chsten Schritten gestartet werden kann.<\/li>\n<li>Folge den Schritten auf den abgebildeten Hinweisen. W\u00e4hle mit der &#8222;Start OK&#8220;-Taste und den Pfeiltasten deine Sprache aus. Falls du bei einem Schritt die falsche Option gew\u00e4hlt hast, kannst du mit der &#8222;Return&#8220;-Taste Schritte zur\u00fcck navigieren.<\/li>\n<\/ul>\n<\/div>\n<p><img width=\"1680\" height=\"1260\" src=\"https:\/\/www.tim-oesterreich.at\/steirischer-zentralraum\/wp-content\/uploads\/sites\/4\/2020\/10\/terminal-voitsberg-koflach-bild-1-1680x1260.png\" class=\"attachment-large size-large\" alt=\"\" decoding=\"async\" loading=\"lazy\" srcset=\"https:\/\/www.tim-oesterreich.at\/steirischer-zentralraum\/wp-content\/uploads\/sites\/4\/2020\/10\/terminal-voitsberg-koflach-bild-1-1680x1260.png 1680w, https:\/\/www.tim-oesterreich.at\/steirischer-zentralraum\/wp-content\/uploads\/sites\/4\/2020\/10\/terminal-voitsberg-koflach-bild-1-840x630.png 840w, https:\/\/www.tim-oesterreich.at\/steirischer-zentralraum\/wp-content\/uploads\/sites\/4\/2020\/10\/terminal-voitsberg-koflach-bild-1-560x420.png 560w\" sizes=\"auto, (max-width: 1680px) 100vw, 1680px\" \/><\/p>\n<div>\n<ul>\n<li>W\u00e4hle im n\u00e4chsten Schritt die Lades\u00e4ule aus, an der das tim-Fahrzeug angeschlossen ist. Best\u00e4tige die Auswahl mit OK.<\/li>\n<\/ul>\n<\/div>\n<p><img width=\"1680\" height=\"1260\" src=\"https:\/\/www.tim-oesterreich.at\/steirischer-zentralraum\/wp-content\/uploads\/sites\/4\/2020\/10\/terminal-voitsberg-koflach-bild-2-1680x1260.png\" class=\"attachment-large size-large\" alt=\"\" decoding=\"async\" loading=\"lazy\" srcset=\"https:\/\/www.tim-oesterreich.at\/steirischer-zentralraum\/wp-content\/uploads\/sites\/4\/2020\/10\/terminal-voitsberg-koflach-bild-2-1680x1260.png 1680w, https:\/\/www.tim-oesterreich.at\/steirischer-zentralraum\/wp-content\/uploads\/sites\/4\/2020\/10\/terminal-voitsberg-koflach-bild-2-840x630.png 840w, https:\/\/www.tim-oesterreich.at\/steirischer-zentralraum\/wp-content\/uploads\/sites\/4\/2020\/10\/terminal-voitsberg-koflach-bild-2-560x420.png 560w\" sizes=\"auto, (max-width: 1680px) 100vw, 1680px\" \/><\/p>\n<div>\n<ul>\n<li>Nun wird ein Preismodell angezeigt, dr\u00fccke OK um zum n\u00e4chsten Schritt zu gelangen.<\/li>\n<li>W\u00e4hle im n\u00e4chsten Schritt die Bezahlung mit der Rabatt-Karte. Best\u00e4tige mit OK und halte die Ladekarte an das RFC Feld. Der Ladevorgang starten nun automatisch.<\/li>\n<\/ul>\n<\/div>\n<p><img width=\"1680\" height=\"1260\" src=\"https:\/\/www.tim-oesterreich.at\/steirischer-zentralraum\/wp-content\/uploads\/sites\/4\/2020\/10\/terminal-voitsberg-koflach-bild-3-1680x1260.png\" class=\"attachment-large size-large\" alt=\"\" decoding=\"async\" loading=\"lazy\" srcset=\"https:\/\/www.tim-oesterreich.at\/steirischer-zentralraum\/wp-content\/uploads\/sites\/4\/2020\/10\/terminal-voitsberg-koflach-bild-3-1680x1260.png 1680w, https:\/\/www.tim-oesterreich.at\/steirischer-zentralraum\/wp-content\/uploads\/sites\/4\/2020\/10\/terminal-voitsberg-koflach-bild-3-840x630.png 840w, https:\/\/www.tim-oesterreich.at\/steirischer-zentralraum\/wp-content\/uploads\/sites\/4\/2020\/10\/terminal-voitsberg-koflach-bild-3-560x420.png 560w\" sizes=\"auto, (max-width: 1680px) 100vw, 1680px\" \/><\/p>\n<div>\n<p style=\"text-align: right\"><a class=\"en-button\" href=\"#top\">nach oben<\/a><\/p>\n<\/div>\n<div>\n<h1 id=\"support\"><\/h1>\n<\/div>\n<h3>Support und Sicherheit<\/h3>\n<div>\n<ul>\n<li>Bei Fragen zu deinen <strong>Buchungen<\/strong> oder zur <strong>Funktionsweise des Fahrzeugs<\/strong> kannst du das tim-Zentralraum-Team unter folgender Telefonnummer erreichen:<br \/>\n<strong>+43 (0) 316 844 888 200<\/strong><\/li>\n<li>Im Fall einer <strong>Panne<\/strong> oder eines <strong>technischen Gebrechens<\/strong> am Fahrzeug wende dich an den Pannendienst unter: <strong>+43 (0) 1 86 666<\/strong><\/li>\n<li>In <strong>Bedrohlichen Situationen<\/strong> oder bei <strong>Gefahr im Verzug<\/strong> w\u00e4hle unverz\u00fcglich den Notruf!<br \/>\n<strong><span style=\"font-size: large\">Feuerwehr: <span style=\"color: #e85265\">122<\/span><\/span><\/strong><br \/>\n<strong><span style=\"font-size: large\">Polizei: <span style=\"color: #e85265\">133<\/span><\/span><\/strong><br \/>\n<strong><span style=\"font-size: large\">Rettung: <span style=\"color: #e85265\">144<\/span><\/span><\/strong><br \/>\n<strong><span style=\"font-size: large\">Euro-Notruf: <span style=\"color: #e85265\">112<\/span><\/span><\/strong><\/li>\n<\/ul>\n<p style=\"text-align: right\"><a class=\"en-button\" href=\"#top\">nach oben<\/a><\/p>\n<\/div>\n","protected":false},"excerpt":{"rendered":"<p>Nutzungshinweise Carsharing Fahrzeug &#8211; VW e-Golf Fahrzeug starten Laden des Fahrzeugs Bedienung Lades\u00e4ulen Voitsberg und K\u00f6flach Support und Sicherheit Fahrzeug starten Stelle sicher, dass das Ladekabel entfernt und im Kofferraum des Fahrzeugs verstaut wurde (Siehe &#8222;Laden des Fahrzeugs&#8220;). Zum Starten des Fahrzeugs tritt fest auf die Bremse und dru\u0308ck den Startknopf (Siehe Bild) der sich [&hellip;]<\/p>\n","protected":false},"author":9,"featured_media":0,"parent":0,"menu_order":13,"comment_status":"closed","ping_status":"closed","template":"","meta":{"footnotes":""},"class_list":["post-2928","page","type-page","status-publish","hentry"],"acf":[],"yoast_head":"<!-- This site is optimized with the Yoast SEO plugin v26.7 - https:\/\/yoast.com\/wordpress\/plugins\/seo\/ -->\n<title>Handbuch VW e-Golf - TIM Steirischer Zentralraum<\/title>\n<meta name=\"robots\" content=\"index, follow, max-snippet:-1, max-image-preview:large, max-video-preview:-1\" \/>\n<link rel=\"canonical\" href=\"https:\/\/www.tim-oesterreich.at\/steirischer-zentralraum\/handbuch-vw-e-golf\/\" \/>\n<meta property=\"og:locale\" content=\"de_DE\" \/>\n<meta property=\"og:type\" content=\"article\" \/>\n<meta property=\"og:title\" content=\"Handbuch VW e-Golf - TIM Steirischer Zentralraum\" \/>\n<meta property=\"og:description\" content=\"Nutzungshinweise Carsharing Fahrzeug &#8211; VW e-Golf Fahrzeug starten Laden des Fahrzeugs Bedienung Lades\u00e4ulen Voitsberg und K\u00f6flach Support und Sicherheit Fahrzeug starten Stelle sicher, dass das Ladekabel entfernt und im Kofferraum des Fahrzeugs verstaut wurde (Siehe &#8222;Laden des Fahrzeugs&#8220;). Zum Starten des Fahrzeugs tritt fest auf die Bremse und dru\u0308ck den Startknopf (Siehe Bild) der sich [&hellip;]\" \/>\n<meta property=\"og:url\" content=\"https:\/\/www.tim-oesterreich.at\/steirischer-zentralraum\/handbuch-vw-e-golf\/\" \/>\n<meta property=\"og:site_name\" content=\"TIM Steirischer Zentralraum\" \/>\n<meta property=\"article:modified_time\" content=\"2023-05-12T07:32:23+00:00\" \/>\n<meta property=\"og:image\" content=\"https:\/\/www.tim-oesterreich.at\/steirischer-zentralraum\/wp-content\/uploads\/sites\/4\/2020\/10\/schalthebel-bremse.jpg\" \/>\n<meta name=\"twitter:card\" content=\"summary_large_image\" \/>\n<script type=\"application\/ld+json\" class=\"yoast-schema-graph\">{\"@context\":\"https:\/\/schema.org\",\"@graph\":[{\"@type\":\"WebPage\",\"@id\":\"https:\/\/www.tim-oesterreich.at\/steirischer-zentralraum\/handbuch-vw-e-golf\/\",\"url\":\"https:\/\/www.tim-oesterreich.at\/steirischer-zentralraum\/handbuch-vw-e-golf\/\",\"name\":\"Handbuch VW e-Golf - TIM Steirischer Zentralraum\",\"isPartOf\":{\"@id\":\"https:\/\/www.tim-oesterreich.at\/steirischer-zentralraum\/#website\"},\"primaryImageOfPage\":{\"@id\":\"https:\/\/www.tim-oesterreich.at\/steirischer-zentralraum\/handbuch-vw-e-golf\/#primaryimage\"},\"image\":{\"@id\":\"https:\/\/www.tim-oesterreich.at\/steirischer-zentralraum\/handbuch-vw-e-golf\/#primaryimage\"},\"thumbnailUrl\":\"https:\/\/www.tim-oesterreich.at\/steirischer-zentralraum\/wp-content\/uploads\/sites\/4\/2020\/10\/schalthebel-bremse.jpg\",\"datePublished\":\"2022-10-28T10:10:12+00:00\",\"dateModified\":\"2023-05-12T07:32:23+00:00\",\"breadcrumb\":{\"@id\":\"https:\/\/www.tim-oesterreich.at\/steirischer-zentralraum\/handbuch-vw-e-golf\/#breadcrumb\"},\"inLanguage\":\"de\",\"potentialAction\":[{\"@type\":\"ReadAction\",\"target\":[\"https:\/\/www.tim-oesterreich.at\/steirischer-zentralraum\/handbuch-vw-e-golf\/\"]}]},{\"@type\":\"ImageObject\",\"inLanguage\":\"de\",\"@id\":\"https:\/\/www.tim-oesterreich.at\/steirischer-zentralraum\/handbuch-vw-e-golf\/#primaryimage\",\"url\":\"https:\/\/www.tim-oesterreich.at\/steirischer-zentralraum\/wp-content\/uploads\/sites\/4\/2020\/10\/schalthebel-bremse.jpg\",\"contentUrl\":\"https:\/\/www.tim-oesterreich.at\/steirischer-zentralraum\/wp-content\/uploads\/sites\/4\/2020\/10\/schalthebel-bremse.jpg\",\"width\":768,\"height\":768},{\"@type\":\"BreadcrumbList\",\"@id\":\"https:\/\/www.tim-oesterreich.at\/steirischer-zentralraum\/handbuch-vw-e-golf\/#breadcrumb\",\"itemListElement\":[{\"@type\":\"ListItem\",\"position\":1,\"name\":\"Startseite\",\"item\":\"https:\/\/www.tim-oesterreich.at\/steirischer-zentralraum\/\"},{\"@type\":\"ListItem\",\"position\":2,\"name\":\"Handbuch VW e-Golf\"}]},{\"@type\":\"WebSite\",\"@id\":\"https:\/\/www.tim-oesterreich.at\/steirischer-zentralraum\/#website\",\"url\":\"https:\/\/www.tim-oesterreich.at\/steirischer-zentralraum\/\",\"name\":\"TIM Steirischer Zentralraum\",\"description\":\"\",\"potentialAction\":[{\"@type\":\"SearchAction\",\"target\":{\"@type\":\"EntryPoint\",\"urlTemplate\":\"https:\/\/www.tim-oesterreich.at\/steirischer-zentralraum\/?s={search_term_string}\"},\"query-input\":{\"@type\":\"PropertyValueSpecification\",\"valueRequired\":true,\"valueName\":\"search_term_string\"}}],\"inLanguage\":\"de\"}]}<\/script>\n<!-- \/ Yoast SEO plugin. -->","yoast_head_json":{"title":"Handbuch VW e-Golf - TIM Steirischer Zentralraum","robots":{"index":"index","follow":"follow","max-snippet":"max-snippet:-1","max-image-preview":"max-image-preview:large","max-video-preview":"max-video-preview:-1"},"canonical":"https:\/\/www.tim-oesterreich.at\/steirischer-zentralraum\/handbuch-vw-e-golf\/","og_locale":"de_DE","og_type":"article","og_title":"Handbuch VW e-Golf - TIM Steirischer Zentralraum","og_description":"Nutzungshinweise Carsharing Fahrzeug &#8211; VW e-Golf Fahrzeug starten Laden des Fahrzeugs Bedienung Lades\u00e4ulen Voitsberg und K\u00f6flach Support und Sicherheit Fahrzeug starten Stelle sicher, dass das Ladekabel entfernt und im Kofferraum des Fahrzeugs verstaut wurde (Siehe &#8222;Laden des Fahrzeugs&#8220;). Zum Starten des Fahrzeugs tritt fest auf die Bremse und dru\u0308ck den Startknopf (Siehe Bild) der sich [&hellip;]","og_url":"https:\/\/www.tim-oesterreich.at\/steirischer-zentralraum\/handbuch-vw-e-golf\/","og_site_name":"TIM Steirischer Zentralraum","article_modified_time":"2023-05-12T07:32:23+00:00","og_image":[{"url":"https:\/\/www.tim-oesterreich.at\/steirischer-zentralraum\/wp-content\/uploads\/sites\/4\/2020\/10\/schalthebel-bremse.jpg","type":"","width":"","height":""}],"twitter_card":"summary_large_image","schema":{"@context":"https:\/\/schema.org","@graph":[{"@type":"WebPage","@id":"https:\/\/www.tim-oesterreich.at\/steirischer-zentralraum\/handbuch-vw-e-golf\/","url":"https:\/\/www.tim-oesterreich.at\/steirischer-zentralraum\/handbuch-vw-e-golf\/","name":"Handbuch VW e-Golf - TIM Steirischer Zentralraum","isPartOf":{"@id":"https:\/\/www.tim-oesterreich.at\/steirischer-zentralraum\/#website"},"primaryImageOfPage":{"@id":"https:\/\/www.tim-oesterreich.at\/steirischer-zentralraum\/handbuch-vw-e-golf\/#primaryimage"},"image":{"@id":"https:\/\/www.tim-oesterreich.at\/steirischer-zentralraum\/handbuch-vw-e-golf\/#primaryimage"},"thumbnailUrl":"https:\/\/www.tim-oesterreich.at\/steirischer-zentralraum\/wp-content\/uploads\/sites\/4\/2020\/10\/schalthebel-bremse.jpg","datePublished":"2022-10-28T10:10:12+00:00","dateModified":"2023-05-12T07:32:23+00:00","breadcrumb":{"@id":"https:\/\/www.tim-oesterreich.at\/steirischer-zentralraum\/handbuch-vw-e-golf\/#breadcrumb"},"inLanguage":"de","potentialAction":[{"@type":"ReadAction","target":["https:\/\/www.tim-oesterreich.at\/steirischer-zentralraum\/handbuch-vw-e-golf\/"]}]},{"@type":"ImageObject","inLanguage":"de","@id":"https:\/\/www.tim-oesterreich.at\/steirischer-zentralraum\/handbuch-vw-e-golf\/#primaryimage","url":"https:\/\/www.tim-oesterreich.at\/steirischer-zentralraum\/wp-content\/uploads\/sites\/4\/2020\/10\/schalthebel-bremse.jpg","contentUrl":"https:\/\/www.tim-oesterreich.at\/steirischer-zentralraum\/wp-content\/uploads\/sites\/4\/2020\/10\/schalthebel-bremse.jpg","width":768,"height":768},{"@type":"BreadcrumbList","@id":"https:\/\/www.tim-oesterreich.at\/steirischer-zentralraum\/handbuch-vw-e-golf\/#breadcrumb","itemListElement":[{"@type":"ListItem","position":1,"name":"Startseite","item":"https:\/\/www.tim-oesterreich.at\/steirischer-zentralraum\/"},{"@type":"ListItem","position":2,"name":"Handbuch VW e-Golf"}]},{"@type":"WebSite","@id":"https:\/\/www.tim-oesterreich.at\/steirischer-zentralraum\/#website","url":"https:\/\/www.tim-oesterreich.at\/steirischer-zentralraum\/","name":"TIM Steirischer Zentralraum","description":"","potentialAction":[{"@type":"SearchAction","target":{"@type":"EntryPoint","urlTemplate":"https:\/\/www.tim-oesterreich.at\/steirischer-zentralraum\/?s={search_term_string}"},"query-input":{"@type":"PropertyValueSpecification","valueRequired":true,"valueName":"search_term_string"}}],"inLanguage":"de"}]}},"lang":"de","translations":{"de":2928,"en":4117},"pll_sync_post":[],"_links":{"self":[{"href":"https:\/\/www.tim-oesterreich.at\/steirischer-zentralraum\/wp-json\/wp\/v2\/pages\/2928","targetHints":{"allow":["GET"]}}],"collection":[{"href":"https:\/\/www.tim-oesterreich.at\/steirischer-zentralraum\/wp-json\/wp\/v2\/pages"}],"about":[{"href":"https:\/\/www.tim-oesterreich.at\/steirischer-zentralraum\/wp-json\/wp\/v2\/types\/page"}],"author":[{"embeddable":true,"href":"https:\/\/www.tim-oesterreich.at\/steirischer-zentralraum\/wp-json\/wp\/v2\/users\/9"}],"replies":[{"embeddable":true,"href":"https:\/\/www.tim-oesterreich.at\/steirischer-zentralraum\/wp-json\/wp\/v2\/comments?post=2928"}],"version-history":[{"count":7,"href":"https:\/\/www.tim-oesterreich.at\/steirischer-zentralraum\/wp-json\/wp\/v2\/pages\/2928\/revisions"}],"predecessor-version":[{"id":4762,"href":"https:\/\/www.tim-oesterreich.at\/steirischer-zentralraum\/wp-json\/wp\/v2\/pages\/2928\/revisions\/4762"}],"wp:attachment":[{"href":"https:\/\/www.tim-oesterreich.at\/steirischer-zentralraum\/wp-json\/wp\/v2\/media?parent=2928"}],"curies":[{"name":"wp","href":"https:\/\/api.w.org\/{rel}","templated":true}]}}