{"id":2487,"date":"2022-10-28T11:54:41","date_gmt":"2022-10-28T09:54:41","guid":{"rendered":"https:\/\/www.tim-oesterreich.at\/zentralraum\/?page_id=2487"},"modified":"2025-01-28T14:34:40","modified_gmt":"2025-01-28T13:34:40","slug":"bike","status":"publish","type":"page","link":"https:\/\/www.tim-oesterreich.at\/steirischer-zentralraum\/bike\/","title":{"rendered":"Bike"},"content":{"rendered":"<h2>Bike<\/h2>\n<p><>Bike<\/><\/p>\n<div>\n<p><strong>Mit dem Fahrrad zu tim:<\/strong> Mit deinem Drahtesel gelangst du ganz einfach zum tim-Standort. Versperre es dort bei den \u00fcberdachten Stellpl\u00e4tzen. Deinen Helm kannst du in der Zwischenzeit im sicheren Spind aufbewahren.<\/p>\n<\/div>\n<ul>\n<li>\n<h3>Bike<\/h3>\n<div>\n<ul>\n<li>Du erreichst mit dem <strong>Fahrrad<\/strong> bequem deinen <strong>tim<\/strong>-Standort<\/li>\n<li>Am <strong>tim<\/strong>-Standort gibt es eine <strong>gro\u00dfe Zahl an \u00fcberdachten Radabstellpl\u00e4tzen<\/strong><\/li>\n<li>Zus\u00e4tzlich gibt es sichere <strong>Spinde<\/strong> und praktische <strong>Fahrradservicestationen<\/strong><\/li>\n<\/ul>\n<div id=\"gtx-trans\" style=\"position: absolute; left: 246px; top: 83px;\"><\/div>\n<\/div>\n<\/li>\n<\/ul>\n","protected":false},"excerpt":{"rendered":"<p>Bike Bike Mit dem Fahrrad zu tim: Mit deinem Drahtesel gelangst du ganz einfach zum tim-Standort. Versperre es dort bei den \u00fcberdachten Stellpl\u00e4tzen. Deinen Helm kannst du in der Zwischenzeit im sicheren Spind aufbewahren. Bike Du erreichst mit dem Fahrrad bequem deinen tim-Standort Am tim-Standort gibt es eine gro\u00dfe Zahl an \u00fcberdachten Radabstellpl\u00e4tzen Zus\u00e4tzlich gibt [&hellip;]<\/p>\n","protected":false},"author":1,"featured_media":0,"parent":0,"menu_order":4,"comment_status":"closed","ping_status":"closed","template":"","meta":{"footnotes":""},"class_list":["post-2487","page","type-page","status-publish","hentry"],"acf":[],"yoast_head":"<!-- This site is optimized with the Yoast SEO plugin v26.7 - https:\/\/yoast.com\/wordpress\/plugins\/seo\/ -->\n<title>Bike - TIM Steirischer Zentralraum<\/title>\n<meta name=\"robots\" content=\"index, follow, max-snippet:-1, max-image-preview:large, max-video-preview:-1\" \/>\n<link rel=\"canonical\" href=\"https:\/\/www.tim-oesterreich.at\/steirischer-zentralraum\/bike\/\" \/>\n<meta property=\"og:locale\" content=\"de_DE\" \/>\n<meta property=\"og:type\" content=\"article\" \/>\n<meta property=\"og:title\" content=\"Bike - TIM Steirischer Zentralraum\" \/>\n<meta property=\"og:description\" content=\"Bike Bike Mit dem Fahrrad zu tim: Mit deinem Drahtesel gelangst du ganz einfach zum tim-Standort. Versperre es dort bei den \u00fcberdachten Stellpl\u00e4tzen. Deinen Helm kannst du in der Zwischenzeit im sicheren Spind aufbewahren. Bike Du erreichst mit dem Fahrrad bequem deinen tim-Standort Am tim-Standort gibt es eine gro\u00dfe Zahl an \u00fcberdachten Radabstellpl\u00e4tzen Zus\u00e4tzlich gibt [&hellip;]\" \/>\n<meta property=\"og:url\" content=\"https:\/\/www.tim-oesterreich.at\/steirischer-zentralraum\/bike\/\" \/>\n<meta property=\"og:site_name\" content=\"TIM Steirischer Zentralraum\" \/>\n<meta property=\"article:modified_time\" content=\"2025-01-28T13:34:40+00:00\" \/>\n<meta name=\"twitter:card\" content=\"summary_large_image\" \/>\n<script type=\"application\/ld+json\" class=\"yoast-schema-graph\">{\"@context\":\"https:\/\/schema.org\",\"@graph\":[{\"@type\":\"WebPage\",\"@id\":\"https:\/\/www.tim-oesterreich.at\/steirischer-zentralraum\/bike\/\",\"url\":\"https:\/\/www.tim-oesterreich.at\/steirischer-zentralraum\/bike\/\",\"name\":\"Bike - TIM Steirischer Zentralraum\",\"isPartOf\":{\"@id\":\"https:\/\/www.tim-oesterreich.at\/steirischer-zentralraum\/#website\"},\"datePublished\":\"2022-10-28T09:54:41+00:00\",\"dateModified\":\"2025-01-28T13:34:40+00:00\",\"breadcrumb\":{\"@id\":\"https:\/\/www.tim-oesterreich.at\/steirischer-zentralraum\/bike\/#breadcrumb\"},\"inLanguage\":\"de\",\"potentialAction\":[{\"@type\":\"ReadAction\",\"target\":[\"https:\/\/www.tim-oesterreich.at\/steirischer-zentralraum\/bike\/\"]}]},{\"@type\":\"BreadcrumbList\",\"@id\":\"https:\/\/www.tim-oesterreich.at\/steirischer-zentralraum\/bike\/#breadcrumb\",\"itemListElement\":[{\"@type\":\"ListItem\",\"position\":1,\"name\":\"Startseite\",\"item\":\"https:\/\/www.tim-oesterreich.at\/steirischer-zentralraum\/\"},{\"@type\":\"ListItem\",\"position\":2,\"name\":\"Bike\"}]},{\"@type\":\"WebSite\",\"@id\":\"https:\/\/www.tim-oesterreich.at\/steirischer-zentralraum\/#website\",\"url\":\"https:\/\/www.tim-oesterreich.at\/steirischer-zentralraum\/\",\"name\":\"TIM Steirischer Zentralraum\",\"description\":\"\",\"potentialAction\":[{\"@type\":\"SearchAction\",\"target\":{\"@type\":\"EntryPoint\",\"urlTemplate\":\"https:\/\/www.tim-oesterreich.at\/steirischer-zentralraum\/?s={search_term_string}\"},\"query-input\":{\"@type\":\"PropertyValueSpecification\",\"valueRequired\":true,\"valueName\":\"search_term_string\"}}],\"inLanguage\":\"de\"}]}<\/script>\n<!-- \/ Yoast SEO plugin. -->","yoast_head_json":{"title":"Bike - TIM Steirischer Zentralraum","robots":{"index":"index","follow":"follow","max-snippet":"max-snippet:-1","max-image-preview":"max-image-preview:large","max-video-preview":"max-video-preview:-1"},"canonical":"https:\/\/www.tim-oesterreich.at\/steirischer-zentralraum\/bike\/","og_locale":"de_DE","og_type":"article","og_title":"Bike - TIM Steirischer Zentralraum","og_description":"Bike Bike Mit dem Fahrrad zu tim: Mit deinem Drahtesel gelangst du ganz einfach zum tim-Standort. Versperre es dort bei den \u00fcberdachten Stellpl\u00e4tzen. Deinen Helm kannst du in der Zwischenzeit im sicheren Spind aufbewahren. Bike Du erreichst mit dem Fahrrad bequem deinen tim-Standort Am tim-Standort gibt es eine gro\u00dfe Zahl an \u00fcberdachten Radabstellpl\u00e4tzen Zus\u00e4tzlich gibt [&hellip;]","og_url":"https:\/\/www.tim-oesterreich.at\/steirischer-zentralraum\/bike\/","og_site_name":"TIM Steirischer Zentralraum","article_modified_time":"2025-01-28T13:34:40+00:00","twitter_card":"summary_large_image","schema":{"@context":"https:\/\/schema.org","@graph":[{"@type":"WebPage","@id":"https:\/\/www.tim-oesterreich.at\/steirischer-zentralraum\/bike\/","url":"https:\/\/www.tim-oesterreich.at\/steirischer-zentralraum\/bike\/","name":"Bike - TIM Steirischer Zentralraum","isPartOf":{"@id":"https:\/\/www.tim-oesterreich.at\/steirischer-zentralraum\/#website"},"datePublished":"2022-10-28T09:54:41+00:00","dateModified":"2025-01-28T13:34:40+00:00","breadcrumb":{"@id":"https:\/\/www.tim-oesterreich.at\/steirischer-zentralraum\/bike\/#breadcrumb"},"inLanguage":"de","potentialAction":[{"@type":"ReadAction","target":["https:\/\/www.tim-oesterreich.at\/steirischer-zentralraum\/bike\/"]}]},{"@type":"BreadcrumbList","@id":"https:\/\/www.tim-oesterreich.at\/steirischer-zentralraum\/bike\/#breadcrumb","itemListElement":[{"@type":"ListItem","position":1,"name":"Startseite","item":"https:\/\/www.tim-oesterreich.at\/steirischer-zentralraum\/"},{"@type":"ListItem","position":2,"name":"Bike"}]},{"@type":"WebSite","@id":"https:\/\/www.tim-oesterreich.at\/steirischer-zentralraum\/#website","url":"https:\/\/www.tim-oesterreich.at\/steirischer-zentralraum\/","name":"TIM Steirischer Zentralraum","description":"","potentialAction":[{"@type":"SearchAction","target":{"@type":"EntryPoint","urlTemplate":"https:\/\/www.tim-oesterreich.at\/steirischer-zentralraum\/?s={search_term_string}"},"query-input":{"@type":"PropertyValueSpecification","valueRequired":true,"valueName":"search_term_string"}}],"inLanguage":"de"}]}},"lang":"de","translations":{"de":2487,"en":4097},"pll_sync_post":[],"_links":{"self":[{"href":"https:\/\/www.tim-oesterreich.at\/steirischer-zentralraum\/wp-json\/wp\/v2\/pages\/2487","targetHints":{"allow":["GET"]}}],"collection":[{"href":"https:\/\/www.tim-oesterreich.at\/steirischer-zentralraum\/wp-json\/wp\/v2\/pages"}],"about":[{"href":"https:\/\/www.tim-oesterreich.at\/steirischer-zentralraum\/wp-json\/wp\/v2\/types\/page"}],"author":[{"embeddable":true,"href":"https:\/\/www.tim-oesterreich.at\/steirischer-zentralraum\/wp-json\/wp\/v2\/users\/1"}],"replies":[{"embeddable":true,"href":"https:\/\/www.tim-oesterreich.at\/steirischer-zentralraum\/wp-json\/wp\/v2\/comments?post=2487"}],"version-history":[{"count":4,"href":"https:\/\/www.tim-oesterreich.at\/steirischer-zentralraum\/wp-json\/wp\/v2\/pages\/2487\/revisions"}],"predecessor-version":[{"id":5055,"href":"https:\/\/www.tim-oesterreich.at\/steirischer-zentralraum\/wp-json\/wp\/v2\/pages\/2487\/revisions\/5055"}],"wp:attachment":[{"href":"https:\/\/www.tim-oesterreich.at\/steirischer-zentralraum\/wp-json\/wp\/v2\/media?parent=2487"}],"curies":[{"name":"wp","href":"https:\/\/api.w.org\/{rel}","templated":true}]}}