{"id":2160,"date":"2022-10-28T11:54:28","date_gmt":"2022-10-28T09:54:28","guid":{"rendered":"https:\/\/www.tim-oesterreich.at\/zentralraum\/?page_id=2160"},"modified":"2023-04-05T14:46:18","modified_gmt":"2023-04-05T12:46:18","slug":"sammeltaxi","status":"publish","type":"page","link":"https:\/\/www.tim-oesterreich.at\/steirischer-zentralraum\/sammeltaxi\/","title":{"rendered":"Sammeltaxi"},"content":{"rendered":"<h2>tim Hasnerplatz<\/h2>\n<p><>tim &amp; Sammeltaxi<\/><\/p>\n<div>\n<p>Du m\u00f6chtest <strong>tim<\/strong> nutzen, hast aber keine M\u00f6glichkeit den tim-Standort zu Fu\u00df, via Fahrrad oder per \u00f6ffentlichen Verkehr zu erreichen? <strong>Dann wende dich an ein Sammeltaxi!<\/strong><\/p>\n<\/div>\n<ul>\n<li>\n<h3><strong>Sammeltaxi<\/strong><\/h3>\n<div>\n<ul>\n<li>In <strong>26 Gemeinden<\/strong> des Bezirks Graz-Umgebung findest du die Haltepunkte von <strong>GUSTmobil.<\/strong><\/li>\n<li>Du bist aus dem Bezirk <strong>Voitsberg?<\/strong> Dann ist <strong>VOmobil<\/strong> <strong>Lipizzanerheimat<\/strong> das Richtige f\u00fcr dich.<\/li>\n<li>Du bist in <strong>Gratwein-Stra\u00dfengel<\/strong> zuhause? Dann ist <strong>rufmi<\/strong> eine ideale Verbindung zu tim.<\/li>\n<\/ul>\n<\/div>\n<p><a href=\"https:\/\/istmobil.at\/istmobil-regionen\/gustmobil\/\"><\/a><a href=\"https:\/\/istmobil.at\/istmobil-regionen\/vomobil\/\"><\/a><a href=\"https:\/\/www.gratwein-strassengel.gv.at\/Umwelt-Mobilitaet\/Gemeindebus\"><\/a><\/li>\n<\/ul>\n","protected":false},"excerpt":{"rendered":"<p>tim Hasnerplatz tim &amp; Sammeltaxi Du m\u00f6chtest tim nutzen, hast aber keine M\u00f6glichkeit den tim-Standort zu Fu\u00df, via Fahrrad oder per \u00f6ffentlichen Verkehr zu erreichen? Dann wende dich an ein Sammeltaxi! Sammeltaxi In 26 Gemeinden des Bezirks Graz-Umgebung findest du die Haltepunkte von GUSTmobil. Du bist aus dem Bezirk Voitsberg? Dann ist VOmobil Lipizzanerheimat das [&hellip;]<\/p>\n","protected":false},"author":1,"featured_media":0,"parent":0,"menu_order":18,"comment_status":"closed","ping_status":"closed","template":"","meta":{"footnotes":""},"class_list":["post-2160","page","type-page","status-publish","hentry"],"acf":[],"yoast_head":"<!-- This site is optimized with the Yoast SEO plugin v26.7 - https:\/\/yoast.com\/wordpress\/plugins\/seo\/ -->\n<title>Sammeltaxi - TIM Steirischer Zentralraum<\/title>\n<meta name=\"robots\" content=\"index, follow, max-snippet:-1, max-image-preview:large, max-video-preview:-1\" \/>\n<link rel=\"canonical\" href=\"https:\/\/www.tim-oesterreich.at\/steirischer-zentralraum\/sammeltaxi\/\" \/>\n<meta property=\"og:locale\" content=\"de_DE\" \/>\n<meta property=\"og:type\" content=\"article\" \/>\n<meta property=\"og:title\" content=\"Sammeltaxi - TIM Steirischer Zentralraum\" \/>\n<meta property=\"og:description\" content=\"tim Hasnerplatz tim &amp; Sammeltaxi Du m\u00f6chtest tim nutzen, hast aber keine M\u00f6glichkeit den tim-Standort zu Fu\u00df, via Fahrrad oder per \u00f6ffentlichen Verkehr zu erreichen? Dann wende dich an ein Sammeltaxi! Sammeltaxi In 26 Gemeinden des Bezirks Graz-Umgebung findest du die Haltepunkte von GUSTmobil. Du bist aus dem Bezirk Voitsberg? Dann ist VOmobil Lipizzanerheimat das [&hellip;]\" \/>\n<meta property=\"og:url\" content=\"https:\/\/www.tim-oesterreich.at\/steirischer-zentralraum\/sammeltaxi\/\" \/>\n<meta property=\"og:site_name\" content=\"TIM Steirischer Zentralraum\" \/>\n<meta property=\"article:modified_time\" content=\"2023-04-05T12:46:18+00:00\" \/>\n<meta name=\"twitter:card\" content=\"summary_large_image\" \/>\n<script type=\"application\/ld+json\" class=\"yoast-schema-graph\">{\"@context\":\"https:\/\/schema.org\",\"@graph\":[{\"@type\":\"WebPage\",\"@id\":\"https:\/\/www.tim-oesterreich.at\/steirischer-zentralraum\/sammeltaxi\/\",\"url\":\"https:\/\/www.tim-oesterreich.at\/steirischer-zentralraum\/sammeltaxi\/\",\"name\":\"Sammeltaxi - TIM Steirischer Zentralraum\",\"isPartOf\":{\"@id\":\"https:\/\/www.tim-oesterreich.at\/steirischer-zentralraum\/#website\"},\"datePublished\":\"2022-10-28T09:54:28+00:00\",\"dateModified\":\"2023-04-05T12:46:18+00:00\",\"breadcrumb\":{\"@id\":\"https:\/\/www.tim-oesterreich.at\/steirischer-zentralraum\/sammeltaxi\/#breadcrumb\"},\"inLanguage\":\"de\",\"potentialAction\":[{\"@type\":\"ReadAction\",\"target\":[\"https:\/\/www.tim-oesterreich.at\/steirischer-zentralraum\/sammeltaxi\/\"]}]},{\"@type\":\"BreadcrumbList\",\"@id\":\"https:\/\/www.tim-oesterreich.at\/steirischer-zentralraum\/sammeltaxi\/#breadcrumb\",\"itemListElement\":[{\"@type\":\"ListItem\",\"position\":1,\"name\":\"Startseite\",\"item\":\"https:\/\/www.tim-oesterreich.at\/steirischer-zentralraum\/\"},{\"@type\":\"ListItem\",\"position\":2,\"name\":\"Sammeltaxi\"}]},{\"@type\":\"WebSite\",\"@id\":\"https:\/\/www.tim-oesterreich.at\/steirischer-zentralraum\/#website\",\"url\":\"https:\/\/www.tim-oesterreich.at\/steirischer-zentralraum\/\",\"name\":\"TIM Steirischer Zentralraum\",\"description\":\"\",\"potentialAction\":[{\"@type\":\"SearchAction\",\"target\":{\"@type\":\"EntryPoint\",\"urlTemplate\":\"https:\/\/www.tim-oesterreich.at\/steirischer-zentralraum\/?s={search_term_string}\"},\"query-input\":{\"@type\":\"PropertyValueSpecification\",\"valueRequired\":true,\"valueName\":\"search_term_string\"}}],\"inLanguage\":\"de\"}]}<\/script>\n<!-- \/ Yoast SEO plugin. -->","yoast_head_json":{"title":"Sammeltaxi - TIM Steirischer Zentralraum","robots":{"index":"index","follow":"follow","max-snippet":"max-snippet:-1","max-image-preview":"max-image-preview:large","max-video-preview":"max-video-preview:-1"},"canonical":"https:\/\/www.tim-oesterreich.at\/steirischer-zentralraum\/sammeltaxi\/","og_locale":"de_DE","og_type":"article","og_title":"Sammeltaxi - TIM Steirischer Zentralraum","og_description":"tim Hasnerplatz tim &amp; Sammeltaxi Du m\u00f6chtest tim nutzen, hast aber keine M\u00f6glichkeit den tim-Standort zu Fu\u00df, via Fahrrad oder per \u00f6ffentlichen Verkehr zu erreichen? Dann wende dich an ein Sammeltaxi! Sammeltaxi In 26 Gemeinden des Bezirks Graz-Umgebung findest du die Haltepunkte von GUSTmobil. Du bist aus dem Bezirk Voitsberg? Dann ist VOmobil Lipizzanerheimat das [&hellip;]","og_url":"https:\/\/www.tim-oesterreich.at\/steirischer-zentralraum\/sammeltaxi\/","og_site_name":"TIM Steirischer Zentralraum","article_modified_time":"2023-04-05T12:46:18+00:00","twitter_card":"summary_large_image","schema":{"@context":"https:\/\/schema.org","@graph":[{"@type":"WebPage","@id":"https:\/\/www.tim-oesterreich.at\/steirischer-zentralraum\/sammeltaxi\/","url":"https:\/\/www.tim-oesterreich.at\/steirischer-zentralraum\/sammeltaxi\/","name":"Sammeltaxi - TIM Steirischer Zentralraum","isPartOf":{"@id":"https:\/\/www.tim-oesterreich.at\/steirischer-zentralraum\/#website"},"datePublished":"2022-10-28T09:54:28+00:00","dateModified":"2023-04-05T12:46:18+00:00","breadcrumb":{"@id":"https:\/\/www.tim-oesterreich.at\/steirischer-zentralraum\/sammeltaxi\/#breadcrumb"},"inLanguage":"de","potentialAction":[{"@type":"ReadAction","target":["https:\/\/www.tim-oesterreich.at\/steirischer-zentralraum\/sammeltaxi\/"]}]},{"@type":"BreadcrumbList","@id":"https:\/\/www.tim-oesterreich.at\/steirischer-zentralraum\/sammeltaxi\/#breadcrumb","itemListElement":[{"@type":"ListItem","position":1,"name":"Startseite","item":"https:\/\/www.tim-oesterreich.at\/steirischer-zentralraum\/"},{"@type":"ListItem","position":2,"name":"Sammeltaxi"}]},{"@type":"WebSite","@id":"https:\/\/www.tim-oesterreich.at\/steirischer-zentralraum\/#website","url":"https:\/\/www.tim-oesterreich.at\/steirischer-zentralraum\/","name":"TIM Steirischer Zentralraum","description":"","potentialAction":[{"@type":"SearchAction","target":{"@type":"EntryPoint","urlTemplate":"https:\/\/www.tim-oesterreich.at\/steirischer-zentralraum\/?s={search_term_string}"},"query-input":{"@type":"PropertyValueSpecification","valueRequired":true,"valueName":"search_term_string"}}],"inLanguage":"de"}]}},"lang":"de","translations":{"de":2160,"en":4125},"pll_sync_post":[],"_links":{"self":[{"href":"https:\/\/www.tim-oesterreich.at\/steirischer-zentralraum\/wp-json\/wp\/v2\/pages\/2160","targetHints":{"allow":["GET"]}}],"collection":[{"href":"https:\/\/www.tim-oesterreich.at\/steirischer-zentralraum\/wp-json\/wp\/v2\/pages"}],"about":[{"href":"https:\/\/www.tim-oesterreich.at\/steirischer-zentralraum\/wp-json\/wp\/v2\/types\/page"}],"author":[{"embeddable":true,"href":"https:\/\/www.tim-oesterreich.at\/steirischer-zentralraum\/wp-json\/wp\/v2\/users\/1"}],"replies":[{"embeddable":true,"href":"https:\/\/www.tim-oesterreich.at\/steirischer-zentralraum\/wp-json\/wp\/v2\/comments?post=2160"}],"version-history":[{"count":4,"href":"https:\/\/www.tim-oesterreich.at\/steirischer-zentralraum\/wp-json\/wp\/v2\/pages\/2160\/revisions"}],"predecessor-version":[{"id":3689,"href":"https:\/\/www.tim-oesterreich.at\/steirischer-zentralraum\/wp-json\/wp\/v2\/pages\/2160\/revisions\/3689"}],"wp:attachment":[{"href":"https:\/\/www.tim-oesterreich.at\/steirischer-zentralraum\/wp-json\/wp\/v2\/media?parent=2160"}],"curies":[{"name":"wp","href":"https:\/\/api.w.org\/{rel}","templated":true}]}}