{"id":1600,"date":"2022-10-28T14:11:43","date_gmt":"2022-10-28T12:11:43","guid":{"rendered":"https:\/\/www.tim-oesterreich.at\/?page_id=1600"},"modified":"2023-04-05T14:46:18","modified_gmt":"2023-04-05T12:46:18","slug":"news","status":"publish","type":"page","link":"https:\/\/www.tim-oesterreich.at\/steirischer-zentralraum\/news\/","title":{"rendered":"News"},"content":{"rendered":"<h2>tim Hasnerplatz<\/h2>\n<ul>\n<li>\n<h3>Laden nur mehr mit Ladekarte m\u00f6glich<\/h3>\n<p><strong>3. M\u00e4rz 2023<\/strong><a href=\"https:\/\/www.tim-oesterreich.at\/steirischer-zentralraum\/laden-nur-mehr-mit-ladekarte-moeglich\/\">mehr lesen&#8230;<\/a><\/li>\n<li>\n<h3>Unsere Buchungsplattform wurde aufpoliert<\/h3>\n<p><strong>13. Januar 2023<\/strong><a href=\"https:\/\/www.tim-oesterreich.at\/steirischer-zentralraum\/unsere-buchungsplattform-wurde-aufpoliert\/\">mehr lesen&#8230;<\/a><\/li>\n<li>\n<h3>Aktion f\u00fcr Besitzer:innen einer Jahreskarte oder eines KlimaTickets<\/h3>\n<p><strong>1. Januar 2023<\/strong><\/p>\n<div>Aktion: Neu- und Bestandskund:innen sparen bei tim mit \u00d6ffi-Karten<\/div>\n<p><a href=\"https:\/\/www.tim-oesterreich.at\/steirischer-zentralraum\/klimaticket\/\">mehr lesen&#8230;<\/a><\/li>\n<li>\n<h3>Tipps f\u00fcr eine l\u00e4ngere E-Auto-Fahrt im Winter<\/h3>\n<p><strong>16. Dezember 2022<\/strong><a href=\"https:\/\/www.tim-oesterreich.at\/steirischer-zentralraum\/?p=4516\">mehr lesen&#8230;<\/a><\/li>\n<li>\n<h3>tim setzt auf Lastenr\u00e4der<\/h3>\n<p><strong>21. Oktober 2022<\/strong><\/p>\n<div>Der Steirische Zentralraum entwickelt das multimodale Angebot rund um tim gemeinsam weiter und setzt auf e-Lastenr\u00e4der.<\/div>\n<p><a href=\"https:\/\/www.tim-oesterreich.at\/steirischer-zentralraum\/tim-setzt-auf-lastenraeder\/\">mehr lesen&#8230;<\/a><\/li>\n<li>\n<h3>Europ\u00e4ische Mobilit\u00e4tswoche 2022: Mix and Move! klimafreundlich mobil<\/h3>\n<p><strong>16. September 2022<\/strong><a href=\"https:\/\/www.tim-oesterreich.at\/steirischer-zentralraum\/?p=3785\">mehr lesen&#8230;<\/a><\/li>\n<li>\n<h3>Mobilit\u00e4t mal anders<\/h3>\n<p><strong>7. September 2022<\/strong><\/p>\n<div>Im Herbst startet die Region Steirischer Zentralraum in Kooperation mit dem Verkehrsverbund Steiermark ein regionales Mobilit\u00e4tsexperiment, wo tim Testweise genutzt werden kann.<\/div>\n<p><a href=\"https:\/\/www.tim-oesterreich.at\/steirischer-zentralraum\/mobilitaet-mal-anders\/\">mehr lesen&#8230;<\/a><\/li>\n<li>\n<h3>Feldkirchen bei Graz er\u00f6ffnet zwei tim-Standorte<\/h3>\n<p><strong>12. Juli 2022<\/strong><\/p>\n<div>tim w\u00e4chst weiter und er\u00f6ffnet gleich zwei neue Standorte in Feldkirchen bei Graz.<\/div>\n<p><a href=\"https:\/\/www.tim-oesterreich.at\/steirischer-zentralraum\/feldkirchen-bei-graz-tim-standorte\/\">mehr lesen&#8230;<\/a><\/li>\n<li>\n<h3>Deine Familie spart bei tim<\/h3>\n<p><strong>2. Juni 2022<\/strong><\/p>\n<div>Du wohnst mit einem tim-Mitglied im selben Haushalt und willst auch tim nutzen? Dann kannst du noch mehr sparen.<\/div>\n<p><a href=\"https:\/\/www.tim-oesterreich.at\/steirischer-zentralraum\/aktion-familientarif\/\">mehr lesen&#8230;<\/a><\/li>\n<li>\n<h3>tim-Aktion f\u00fcr Neukund:innen in der Lipizzanerheimat!<\/h3>\n<p><strong>7. April 2022<\/strong><a href=\"https:\/\/www.tim-oesterreich.at\/steirischer-zentralraum\/?p=3310\">mehr lesen&#8230;<\/a><\/li>\n<li>\n<h3>Online-Registrierung freigeschaltet<\/h3>\n<p><strong>1. M\u00e4rz 2022<\/strong><\/p>\n<div>Bei tim-Zentralraum ist es nun neben der Registrierung in deiner Gemeinde auch m\u00f6glich, sich online bequem anzumelden.<\/div>\n<p><a href=\"https:\/\/www.tim-oesterreich.at\/steirischer-zentralraum\/online-registrierung-freigeschaltet\/\">mehr lesen&#8230;<\/a><\/li>\n<li>\n<h3>Europ\u00e4ische Mobilit\u00e4tswoche 2021 &#8211; Aktion: &#8222;Beweg Dich und bleib gesund&#8220;<\/h3>\n<p><strong>16. September 2021<\/strong><a href=\"https:\/\/www.tim-oesterreich.at\/steirischer-zentralraum\/?p=3083\">mehr lesen&#8230;<\/a><\/li>\n<\/ul>\n","protected":false},"excerpt":{"rendered":"<p>tim Hasnerplatz Laden nur mehr mit Ladekarte m\u00f6glich 3. M\u00e4rz 2023mehr lesen&#8230; Unsere Buchungsplattform wurde aufpoliert 13. Januar 2023mehr lesen&#8230; Aktion f\u00fcr Besitzer:innen einer Jahreskarte oder eines KlimaTickets 1. Januar 2023 Aktion: Neu- und Bestandskund:innen sparen bei tim mit \u00d6ffi-Karten mehr lesen&#8230; Tipps f\u00fcr eine l\u00e4ngere E-Auto-Fahrt im Winter 16. Dezember 2022mehr lesen&#8230; tim setzt [&hellip;]<\/p>\n","protected":false},"author":1,"featured_media":0,"parent":0,"menu_order":19,"comment_status":"closed","ping_status":"closed","template":"","meta":{"footnotes":""},"class_list":["post-1600","page","type-page","status-publish","hentry"],"acf":[],"yoast_head":"<!-- This site is optimized with the Yoast SEO plugin v26.7 - https:\/\/yoast.com\/wordpress\/plugins\/seo\/ -->\n<title>News - TIM Steirischer Zentralraum<\/title>\n<meta name=\"robots\" content=\"index, follow, max-snippet:-1, max-image-preview:large, max-video-preview:-1\" \/>\n<link rel=\"canonical\" href=\"https:\/\/www.tim-oesterreich.at\/steirischer-zentralraum\/news\/\" \/>\n<meta property=\"og:locale\" content=\"de_DE\" \/>\n<meta property=\"og:type\" content=\"article\" \/>\n<meta property=\"og:title\" content=\"News - TIM Steirischer Zentralraum\" \/>\n<meta property=\"og:description\" content=\"tim Hasnerplatz Laden nur mehr mit Ladekarte m\u00f6glich 3. M\u00e4rz 2023mehr lesen&#8230; Unsere Buchungsplattform wurde aufpoliert 13. Januar 2023mehr lesen&#8230; Aktion f\u00fcr Besitzer:innen einer Jahreskarte oder eines KlimaTickets 1. Januar 2023 Aktion: Neu- und Bestandskund:innen sparen bei tim mit \u00d6ffi-Karten mehr lesen&#8230; Tipps f\u00fcr eine l\u00e4ngere E-Auto-Fahrt im Winter 16. Dezember 2022mehr lesen&#8230; tim setzt [&hellip;]\" \/>\n<meta property=\"og:url\" content=\"https:\/\/www.tim-oesterreich.at\/steirischer-zentralraum\/news\/\" \/>\n<meta property=\"og:site_name\" content=\"TIM Steirischer Zentralraum\" \/>\n<meta property=\"article:modified_time\" content=\"2023-04-05T12:46:18+00:00\" \/>\n<meta name=\"twitter:card\" content=\"summary_large_image\" \/>\n<script type=\"application\/ld+json\" class=\"yoast-schema-graph\">{\"@context\":\"https:\/\/schema.org\",\"@graph\":[{\"@type\":\"WebPage\",\"@id\":\"https:\/\/www.tim-oesterreich.at\/steirischer-zentralraum\/news\/\",\"url\":\"https:\/\/www.tim-oesterreich.at\/steirischer-zentralraum\/news\/\",\"name\":\"News - TIM Steirischer Zentralraum\",\"isPartOf\":{\"@id\":\"https:\/\/www.tim-oesterreich.at\/steirischer-zentralraum\/#website\"},\"datePublished\":\"2022-10-28T12:11:43+00:00\",\"dateModified\":\"2023-04-05T12:46:18+00:00\",\"breadcrumb\":{\"@id\":\"https:\/\/www.tim-oesterreich.at\/steirischer-zentralraum\/news\/#breadcrumb\"},\"inLanguage\":\"de\",\"potentialAction\":[{\"@type\":\"ReadAction\",\"target\":[\"https:\/\/www.tim-oesterreich.at\/steirischer-zentralraum\/news\/\"]}]},{\"@type\":\"BreadcrumbList\",\"@id\":\"https:\/\/www.tim-oesterreich.at\/steirischer-zentralraum\/news\/#breadcrumb\",\"itemListElement\":[{\"@type\":\"ListItem\",\"position\":1,\"name\":\"Startseite\",\"item\":\"https:\/\/www.tim-oesterreich.at\/steirischer-zentralraum\/\"},{\"@type\":\"ListItem\",\"position\":2,\"name\":\"News\"}]},{\"@type\":\"WebSite\",\"@id\":\"https:\/\/www.tim-oesterreich.at\/steirischer-zentralraum\/#website\",\"url\":\"https:\/\/www.tim-oesterreich.at\/steirischer-zentralraum\/\",\"name\":\"TIM Steirischer Zentralraum\",\"description\":\"\",\"potentialAction\":[{\"@type\":\"SearchAction\",\"target\":{\"@type\":\"EntryPoint\",\"urlTemplate\":\"https:\/\/www.tim-oesterreich.at\/steirischer-zentralraum\/?s={search_term_string}\"},\"query-input\":{\"@type\":\"PropertyValueSpecification\",\"valueRequired\":true,\"valueName\":\"search_term_string\"}}],\"inLanguage\":\"de\"}]}<\/script>\n<!-- \/ Yoast SEO plugin. -->","yoast_head_json":{"title":"News - TIM Steirischer Zentralraum","robots":{"index":"index","follow":"follow","max-snippet":"max-snippet:-1","max-image-preview":"max-image-preview:large","max-video-preview":"max-video-preview:-1"},"canonical":"https:\/\/www.tim-oesterreich.at\/steirischer-zentralraum\/news\/","og_locale":"de_DE","og_type":"article","og_title":"News - TIM Steirischer Zentralraum","og_description":"tim Hasnerplatz Laden nur mehr mit Ladekarte m\u00f6glich 3. M\u00e4rz 2023mehr lesen&#8230; Unsere Buchungsplattform wurde aufpoliert 13. Januar 2023mehr lesen&#8230; Aktion f\u00fcr Besitzer:innen einer Jahreskarte oder eines KlimaTickets 1. Januar 2023 Aktion: Neu- und Bestandskund:innen sparen bei tim mit \u00d6ffi-Karten mehr lesen&#8230; Tipps f\u00fcr eine l\u00e4ngere E-Auto-Fahrt im Winter 16. Dezember 2022mehr lesen&#8230; tim setzt [&hellip;]","og_url":"https:\/\/www.tim-oesterreich.at\/steirischer-zentralraum\/news\/","og_site_name":"TIM Steirischer Zentralraum","article_modified_time":"2023-04-05T12:46:18+00:00","twitter_card":"summary_large_image","schema":{"@context":"https:\/\/schema.org","@graph":[{"@type":"WebPage","@id":"https:\/\/www.tim-oesterreich.at\/steirischer-zentralraum\/news\/","url":"https:\/\/www.tim-oesterreich.at\/steirischer-zentralraum\/news\/","name":"News - TIM Steirischer Zentralraum","isPartOf":{"@id":"https:\/\/www.tim-oesterreich.at\/steirischer-zentralraum\/#website"},"datePublished":"2022-10-28T12:11:43+00:00","dateModified":"2023-04-05T12:46:18+00:00","breadcrumb":{"@id":"https:\/\/www.tim-oesterreich.at\/steirischer-zentralraum\/news\/#breadcrumb"},"inLanguage":"de","potentialAction":[{"@type":"ReadAction","target":["https:\/\/www.tim-oesterreich.at\/steirischer-zentralraum\/news\/"]}]},{"@type":"BreadcrumbList","@id":"https:\/\/www.tim-oesterreich.at\/steirischer-zentralraum\/news\/#breadcrumb","itemListElement":[{"@type":"ListItem","position":1,"name":"Startseite","item":"https:\/\/www.tim-oesterreich.at\/steirischer-zentralraum\/"},{"@type":"ListItem","position":2,"name":"News"}]},{"@type":"WebSite","@id":"https:\/\/www.tim-oesterreich.at\/steirischer-zentralraum\/#website","url":"https:\/\/www.tim-oesterreich.at\/steirischer-zentralraum\/","name":"TIM Steirischer Zentralraum","description":"","potentialAction":[{"@type":"SearchAction","target":{"@type":"EntryPoint","urlTemplate":"https:\/\/www.tim-oesterreich.at\/steirischer-zentralraum\/?s={search_term_string}"},"query-input":{"@type":"PropertyValueSpecification","valueRequired":true,"valueName":"search_term_string"}}],"inLanguage":"de"}]}},"lang":"de","translations":{"de":1600,"en":4127},"pll_sync_post":[],"_links":{"self":[{"href":"https:\/\/www.tim-oesterreich.at\/steirischer-zentralraum\/wp-json\/wp\/v2\/pages\/1600","targetHints":{"allow":["GET"]}}],"collection":[{"href":"https:\/\/www.tim-oesterreich.at\/steirischer-zentralraum\/wp-json\/wp\/v2\/pages"}],"about":[{"href":"https:\/\/www.tim-oesterreich.at\/steirischer-zentralraum\/wp-json\/wp\/v2\/types\/page"}],"author":[{"embeddable":true,"href":"https:\/\/www.tim-oesterreich.at\/steirischer-zentralraum\/wp-json\/wp\/v2\/users\/1"}],"replies":[{"embeddable":true,"href":"https:\/\/www.tim-oesterreich.at\/steirischer-zentralraum\/wp-json\/wp\/v2\/comments?post=1600"}],"version-history":[{"count":3,"href":"https:\/\/www.tim-oesterreich.at\/steirischer-zentralraum\/wp-json\/wp\/v2\/pages\/1600\/revisions"}],"predecessor-version":[{"id":1644,"href":"https:\/\/www.tim-oesterreich.at\/steirischer-zentralraum\/wp-json\/wp\/v2\/pages\/1600\/revisions\/1644"}],"wp:attachment":[{"href":"https:\/\/www.tim-oesterreich.at\/steirischer-zentralraum\/wp-json\/wp\/v2\/media?parent=1600"}],"curies":[{"name":"wp","href":"https:\/\/api.w.org\/{rel}","templated":true}]}}