{"id":2,"date":"2022-10-31T15:54:12","date_gmt":"2022-10-31T14:54:12","guid":{"rendered":"https:\/\/www.tim-oesterreich.at\/?page_id=2"},"modified":"2026-02-04T12:51:52","modified_gmt":"2026-02-04T11:51:52","slug":"tim-linz","status":"publish","type":"page","link":"https:\/\/www.tim-oesterreich.at\/linz\/","title":{"rendered":"TIM Linz"},"content":{"rendered":"<ul>\n<li>\n<h3>AGB und Preisanpassung bei tim &#8211; Das \u00e4ndert sich f\u00fcr dich<\/h3>\n<p><strong>2. September 2025<\/strong><\/p>\n<div>Ab dem 1. Oktober 2025 aktualisieren wir unsere Allgemeinen Gesch\u00e4ftsbedingungen (AGB) und Preise. Dabei bleibt eines unver\u00e4ndert: Die gewohnten Stundenpreise f\u00fcr deine tim-Fahrten.<br \/>\nWarum die Anpassung?<br \/>\nUm gestiegenen Betriebs- und Wartungskosten sowie neuen gesetzlichen Vorgaben \u2013 wie der motorbezogenen Versicherungssteuer f\u00fcr E-Autos in \u00d6sterreich \u2013 gerecht zu werden, passen wir unsere AGB und Preise an.<br \/>\nDabei ist uns wichtig: tim bleibt ein faires, transparentes und flexibles Mobilit\u00e4tsangebot.<br \/>\nMit den Anpassungen stellen<\/div>\n<p><a href=\"https:\/\/www.tim-oesterreich.at\/linz\/agb-und-preisanpassung-bei-tim-das-aendert-sich-fuer-dich\/\">mehr lesen&#8230;<\/a><\/li>\n<li>\n<h3>Mit tim ins Bogensportzentrum Breitenstein<\/h3>\n<p><strong>30. Juni 2025<\/strong><\/p>\n<div>Im Bogensportzentrum Breitenstein bei Kirchdorf kommt ihr garantiert auf eure Kosten.<br \/>\nEingebettet in einer idyllische Landschaft warten weitl\u00e4ufige 3D-Parcours mit realistischen Tierzielen auf euch \u2013 perfekt f\u00fcr Anf\u00e4nger*innen wie auch erfahrene Bogensport-Fans&#8230;\n<\/div>\n<p><a href=\"https:\/\/www.tim-oesterreich.at\/linz\/mit-tim-ins-bogensportzentrum-breitenstein\/\">mehr lesen&#8230;<\/a><\/li>\n<li>\n<h3>R\u00fcckblick: Wir beim Festival of Curiosity in Linz<\/h3>\n<p><strong>28. Mai 2025<\/strong><\/p>\n<div>Am Samstag, dem 24. Mai 2025 waren wir Teil des Festival of Curiosity in der Tabakfabrik Linz \u2013das ganz im Zeichen von Neugier nach Zukunft, Innovation und Umweltbewusstsein stand. Bei unserem Infostand konnten Besucher*innen mehr \u00fcber unser Angebot und umweltbewusste Mobilit\u00e4t erfahren\u2013 und sich direkt einbringen.<br \/>\nBesonderes Interesse galt dem Ideenwettbewerb: Unter de<\/div>\n<p><a href=\"https:\/\/www.tim-oesterreich.at\/linz\/rueckblick-wir-beim-festival-of-curiosity-in-linz\/\">mehr lesen&#8230;<\/a><\/li>\n<\/ul>\n<h2>So funktioniert tim:<\/h2>\n<h3>Anmelden<\/h3>\n<div>\n<p>Nach pers\u00f6nlicher Anmeldung im <strong>tim-Servicecenter<\/strong> in der <strong>Wiener Stra\u00dfe 151<\/strong> und einer Einschulung auf ein e-Auto oder einem Einschulungstermin via Videokonferenz erh\u00e4ltst du deine <strong>tim-Karte<\/strong>. Daf\u00fcr kannst du dich <strong><a href=\"https:\/\/www.tim-oesterreich.at\/linz\/anmelden\/\">hier<\/a> voranmelden <\/strong>oder uns unter 0732\/3400-7733 kontaktieren.<\/p>\n<\/div>\n<h3>Reservieren<\/h3>\n<div>\n<p>\u00dcber die <a href=\"https:\/\/app.tim-linz.at\" target=\"_blank\" rel=\"noopener\"><strong>Buchungsplattform<\/strong> <\/a>auf unserer Website oder deiner <strong>mobilen Anwendung<\/strong>\u00a0kannst du dein gew\u00fcnschtes Fahrzeug schnell und einfach buchen! Und schon geht der <strong>Fahrspa\u00df<\/strong> los!<\/p>\n<\/div>\n<h3>Freischalten<\/h3>\n<div>\n<p>Mit deiner <strong>tim-Karte<\/strong> \u00f6ffnest du dein Auto. Wenn du ein e-Auto gebucht hast, musst du noch das Ladekabel abstecken und es im Kofferraum verstauen. Jetzt kannst du <strong>losfahren<\/strong>!<\/p>\n<\/div>\n<h3>Fahren<\/h3>\n<div>\n<p><strong>Los geht\u2019s!<\/strong> Wenn du dann alles erledigt hast, stellst du das Fahrzeug ganz einfach wieder am<strong> tim-Standort<\/strong> ab (das e-Auto bitte wieder an die Ladestation h\u00e4ngen) und verriegle es mit deiner <strong>tim-Karte<\/strong>. <strong>Fertig!<\/strong><\/p>\n<\/div>\n<div>\n<p style=\"text-align: center\"><a class=\"en-button en-button--large\" href=\"https:\/\/www.tim-oesterreich.at\/linz\/anmelden\/\">Jetzt Anmelden!<\/a><\/p>\n<\/div>\n<h3>G\u00fcnstig<\/h3>\n<div>\n<p>Nicht nur das<strong> (e-)Carsharing<\/strong> ist bei <strong>tim<\/strong>\u00a0richtig g\u00fcnstig. Auch die Preise f\u00fcr <strong>tim-Mietwagen<\/strong> und die verg\u00fcnstigten Tarife mit dem Anruf-Sammel-Taxi (<strong>AST)<\/strong>\u00a0ersparen dir Zeit und Geld im Alltag. Ebenso entfallen hohe Anschaffungs- und monatliche Fixkosten, die ein eigenes Auto mit sich bringen.<\/p>\n<\/div>\n<h3>Einfach<\/h3>\n<div>\n<p>Mit den Linzer\u00a0<strong>\u00d6ffis <\/strong>kommst du direkt zu den <strong>tim-Standorten<\/strong>. Zudem findest du an jedem <strong>tim-Mobilit\u00e4tsknoten<\/strong> Abstellpl\u00e4tze f\u00fcr dein privates Fahrrad.<br \/>\nBezahlen kannst du ganz einfach am Ende jedes Monats per Rechnung oder automatischer Abbuchung.<\/p>\n<p>&nbsp;<\/p>\n<\/div>\n<h3>Sauber<\/h3>\n<div>\n<p>Egal ob du mit deinem eigenen <strong>Fahrrad<\/strong>, den <strong>\u00f6ffentlichen Verkehrsmitteln<\/strong> oder <strong>zu Fu\u00df<\/strong> zum <strong>tim-Standort<\/strong> kommst, dort einen <strong>Mietwagen<\/strong>\u00a0nimmst oder ein<strong><br \/>\ntim<\/strong>&#8211;<strong>Carsharing-Fahrzeug<\/strong> nutzt \u2013 mit <strong>tim<\/strong> bist du <strong>t\u00e4glich. intelligent. mobil.<\/strong> und <strong>schonst dabei auch noch die Umwelt<\/strong>. Denn das nennt man saubere und innovative Mobilit\u00e4t!<\/p>\n<\/div>\n<div>\n<p style=\"text-align: center\"><strong>tim-Infos zum Download (PDF) gibt es hier<br \/>\n<a class=\"en-button en-button--tertiary en-button--large\" href=\"https:\/\/www.tim-oesterreich.at\/linz\/wp-content\/uploads\/sites\/3\/2025\/11\/b_tim_folder_light_a5_202510_webversion.pdf\" target=\"_blank\" rel=\"noopener\">Infofolder<\/a><\/strong><\/p>\n<\/div>\n<h2>tim-Standorte in Linz<\/h2>\n<div>\n<p style=\"text-align: center\"><strong>Wie du diese am besten erreichst findest du hier (PDF)<br \/>\n<a class=\"en-button en-button--tertiary en-button--large\" href=\"https:\/\/www.tim-oesterreich.at\/linz\/wp-content\/uploads\/sites\/3\/2026\/02\/lnp_linz_2026_web_a4.pdf\" target=\"_blank\" rel=\"noopener\">Liniennetzplan<\/a><br \/>\n<\/strong><\/p>\n<\/div>\n<ul>\n<li>\n<h3>Hessenplatz<\/h3>\n<div>\n<p>Hessenplatz 9, 4020 Linz<\/p>\n<\/div>\n<\/li>\n<li>\n<h3>Linke Br\u00fcckenstra\u00dfe<\/h3>\n<div>\n<p>Linke Br\u00fcckenstra\u00dfe 22, 4040 Linz<\/p>\n<\/div>\n<\/li>\n<li>\n<h3>Volksgarten<\/h3>\n<div>\n<p>Blumauerstra\u00dfe, 4020 Linz<\/p>\n<\/div>\n<\/li>\n<li>\n<h3>Stadtplatz Leonding<\/h3>\n<div>\n<p>4060 Leonding<\/p>\n<\/div>\n<\/li>\n<li>\n<h3>Bindermichl<\/h3>\n<div>\n<p>Stadlerstra\u00dfe, 4020 Linz<\/p>\n<\/div>\n<\/li>\n<li>\n<h3>Simonystra\u00dfe<\/h3>\n<div>\n<p>Kreuzung Wiener Stra\u00dfe\/Simonystra\u00dfe, 4030 Linz<\/p>\n<\/div>\n<\/li>\n<li>\n<h3>SolarCity<\/h3>\n<div>\n<p>Heliosallee, 4030 Linz<\/p>\n<\/div>\n<\/li>\n<li>\n<h3>Tabakfabrik Linz<\/h3>\n<div>\n<p>Ludlgasse, 4020 Linz<\/p>\n<p>&nbsp;<\/p>\n<\/div>\n<\/li>\n<li>\n<h3>Johannes-Kepler-Universit\u00e4t Linz (JKU)<\/h3>\n<div>\n<p>Altenberger Stra\u00dfe, 4040 Linz<\/p>\n<\/div>\n<\/li>\n<li>\n<h3>Gr\u00fcne Mitte Linz<\/h3>\n<div>\n<p>Edeltraud-Hofer-Stra\u00dfe, 4020 Linz<\/p>\n<p>&nbsp;<\/p>\n<\/div>\n<\/li>\n<li>\n<h3>Hauptplatz Linz<\/h3>\n<div>\n<p>Hauptplatz Linz, 4020 Linz<\/p>\n<\/div>\n<\/li>\n<li>\n<h3>LINZ AG Center<\/h3>\n<div>\n<p>Wiener Stra\u00dfe 151, 4020 Linz<\/p>\n<\/div>\n<\/li>\n<li>\n<h3>tim linz test<\/h3>\n<div>\n<p>Hier findest Du konventionell betriebene \u201eCarsharing\u201c-Fahrzeuge\u00a0 (Skoda Fabia Combi) und hast eine perfekte \u00d6ffi-Anbindung!<\/p>\n<\/div>\n<\/li>\n<li>\n<h3>tim linz land test<\/h3>\n<div>\n<p>Hier findest Du konventionell betriebene \u201eCarsharing\u201c-Fahrzeuge\u00a0 (Skoda Fabia Combi) und hast eine perfekte \u00d6ffi-Anbindung!<\/p>\n<\/div>\n<\/li>\n<\/ul>\n","protected":false},"excerpt":{"rendered":"<p>AGB und Preisanpassung bei tim &#8211; Das \u00e4ndert sich f\u00fcr dich 2. September 2025 Ab dem 1. Oktober 2025 aktualisieren wir unsere Allgemeinen Gesch\u00e4ftsbedingungen (AGB) und Preise. Dabei bleibt eines unver\u00e4ndert: Die gewohnten Stundenpreise f\u00fcr deine tim-Fahrten. Warum die Anpassung? Um gestiegenen Betriebs- und Wartungskosten sowie neuen gesetzlichen Vorgaben \u2013 wie der motorbezogenen Versicherungssteuer f\u00fcr [&hellip;]<\/p>\n","protected":false},"author":1,"featured_media":0,"parent":0,"menu_order":15,"comment_status":"closed","ping_status":"open","template":"","meta":{"footnotes":""},"class_list":["post-2","page","type-page","status-publish","hentry"],"acf":[],"yoast_head":"<!-- This site is optimized with the Yoast SEO plugin v26.7 - https:\/\/yoast.com\/wordpress\/plugins\/seo\/ -->\n<title>TIM - Carsharing in Linz, Mietwagen und umweltfreundlich.<\/title>\n<meta name=\"description\" content=\"Einfach zum Carsharing in Linz mit e-Golf, und g\u00fcnstigen Mietwagen. Online anfragen und Ladestationen f\u00fcr Elektroautos in Linz finden.\" \/>\n<meta name=\"robots\" content=\"index, follow, max-snippet:-1, max-image-preview:large, max-video-preview:-1\" \/>\n<link rel=\"canonical\" href=\"https:\/\/www.tim-oesterreich.at\/linz\/\" \/>\n<meta property=\"og:locale\" content=\"de_DE\" \/>\n<meta property=\"og:type\" content=\"article\" \/>\n<meta property=\"og:title\" content=\"TIM - Carsharing in Linz, Mietwagen und umweltfreundlich.\" \/>\n<meta property=\"og:description\" content=\"Einfach zum Carsharing in Linz mit e-Golf, und g\u00fcnstigen Mietwagen. Online anfragen und Ladestationen f\u00fcr Elektroautos in Linz finden.\" \/>\n<meta property=\"og:url\" content=\"https:\/\/www.tim-oesterreich.at\/linz\/\" \/>\n<meta property=\"og:site_name\" content=\"TIM Linz\" \/>\n<meta property=\"article:modified_time\" content=\"2026-02-04T11:51:52+00:00\" \/>\n<meta name=\"twitter:card\" content=\"summary_large_image\" \/>\n<script type=\"application\/ld+json\" class=\"yoast-schema-graph\">{\"@context\":\"https:\/\/schema.org\",\"@graph\":[{\"@type\":\"WebPage\",\"@id\":\"https:\/\/www.tim-oesterreich.at\/linz\/\",\"url\":\"https:\/\/www.tim-oesterreich.at\/linz\/\",\"name\":\"TIM - Carsharing in Linz, Mietwagen und umweltfreundlich.\",\"isPartOf\":{\"@id\":\"https:\/\/www.tim-oesterreich.at\/linz\/#website\"},\"datePublished\":\"2022-10-31T14:54:12+00:00\",\"dateModified\":\"2026-02-04T11:51:52+00:00\",\"description\":\"Einfach zum Carsharing in Linz mit e-Golf, und g\u00fcnstigen Mietwagen. Online anfragen und Ladestationen f\u00fcr Elektroautos in Linz finden.\",\"breadcrumb\":{\"@id\":\"https:\/\/www.tim-oesterreich.at\/linz\/#breadcrumb\"},\"inLanguage\":\"de\",\"potentialAction\":[{\"@type\":\"ReadAction\",\"target\":[\"https:\/\/www.tim-oesterreich.at\/linz\/\"]}]},{\"@type\":\"BreadcrumbList\",\"@id\":\"https:\/\/www.tim-oesterreich.at\/linz\/#breadcrumb\",\"itemListElement\":[{\"@type\":\"ListItem\",\"position\":1,\"name\":\"Startseite\",\"item\":\"https:\/\/www.tim-oesterreich.at\/linz\/\"},{\"@type\":\"ListItem\",\"position\":2,\"name\":\"TIM Linz\"}]},{\"@type\":\"WebSite\",\"@id\":\"https:\/\/www.tim-oesterreich.at\/linz\/#website\",\"url\":\"https:\/\/www.tim-oesterreich.at\/linz\/\",\"name\":\"TIM Linz\",\"description\":\"\",\"potentialAction\":[{\"@type\":\"SearchAction\",\"target\":{\"@type\":\"EntryPoint\",\"urlTemplate\":\"https:\/\/www.tim-oesterreich.at\/linz\/?s={search_term_string}\"},\"query-input\":{\"@type\":\"PropertyValueSpecification\",\"valueRequired\":true,\"valueName\":\"search_term_string\"}}],\"inLanguage\":\"de\"}]}<\/script>\n<!-- \/ Yoast SEO plugin. -->","yoast_head_json":{"title":"TIM - Carsharing in Linz, Mietwagen und umweltfreundlich.","description":"Einfach zum Carsharing in Linz mit e-Golf, und g\u00fcnstigen Mietwagen. Online anfragen und Ladestationen f\u00fcr Elektroautos in Linz finden.","robots":{"index":"index","follow":"follow","max-snippet":"max-snippet:-1","max-image-preview":"max-image-preview:large","max-video-preview":"max-video-preview:-1"},"canonical":"https:\/\/www.tim-oesterreich.at\/linz\/","og_locale":"de_DE","og_type":"article","og_title":"TIM - Carsharing in Linz, Mietwagen und umweltfreundlich.","og_description":"Einfach zum Carsharing in Linz mit e-Golf, und g\u00fcnstigen Mietwagen. Online anfragen und Ladestationen f\u00fcr Elektroautos in Linz finden.","og_url":"https:\/\/www.tim-oesterreich.at\/linz\/","og_site_name":"TIM Linz","article_modified_time":"2026-02-04T11:51:52+00:00","twitter_card":"summary_large_image","schema":{"@context":"https:\/\/schema.org","@graph":[{"@type":"WebPage","@id":"https:\/\/www.tim-oesterreich.at\/linz\/","url":"https:\/\/www.tim-oesterreich.at\/linz\/","name":"TIM - Carsharing in Linz, Mietwagen und umweltfreundlich.","isPartOf":{"@id":"https:\/\/www.tim-oesterreich.at\/linz\/#website"},"datePublished":"2022-10-31T14:54:12+00:00","dateModified":"2026-02-04T11:51:52+00:00","description":"Einfach zum Carsharing in Linz mit e-Golf, und g\u00fcnstigen Mietwagen. Online anfragen und Ladestationen f\u00fcr Elektroautos in Linz finden.","breadcrumb":{"@id":"https:\/\/www.tim-oesterreich.at\/linz\/#breadcrumb"},"inLanguage":"de","potentialAction":[{"@type":"ReadAction","target":["https:\/\/www.tim-oesterreich.at\/linz\/"]}]},{"@type":"BreadcrumbList","@id":"https:\/\/www.tim-oesterreich.at\/linz\/#breadcrumb","itemListElement":[{"@type":"ListItem","position":1,"name":"Startseite","item":"https:\/\/www.tim-oesterreich.at\/linz\/"},{"@type":"ListItem","position":2,"name":"TIM Linz"}]},{"@type":"WebSite","@id":"https:\/\/www.tim-oesterreich.at\/linz\/#website","url":"https:\/\/www.tim-oesterreich.at\/linz\/","name":"TIM Linz","description":"","potentialAction":[{"@type":"SearchAction","target":{"@type":"EntryPoint","urlTemplate":"https:\/\/www.tim-oesterreich.at\/linz\/?s={search_term_string}"},"query-input":{"@type":"PropertyValueSpecification","valueRequired":true,"valueName":"search_term_string"}}],"inLanguage":"de"}]}},"lang":"de","translations":{"de":2,"en":3942},"pll_sync_post":[],"_links":{"self":[{"href":"https:\/\/www.tim-oesterreich.at\/linz\/wp-json\/wp\/v2\/pages\/2","targetHints":{"allow":["GET"]}}],"collection":[{"href":"https:\/\/www.tim-oesterreich.at\/linz\/wp-json\/wp\/v2\/pages"}],"about":[{"href":"https:\/\/www.tim-oesterreich.at\/linz\/wp-json\/wp\/v2\/types\/page"}],"author":[{"embeddable":true,"href":"https:\/\/www.tim-oesterreich.at\/linz\/wp-json\/wp\/v2\/users\/1"}],"replies":[{"embeddable":true,"href":"https:\/\/www.tim-oesterreich.at\/linz\/wp-json\/wp\/v2\/comments?post=2"}],"version-history":[{"count":10,"href":"https:\/\/www.tim-oesterreich.at\/linz\/wp-json\/wp\/v2\/pages\/2\/revisions"}],"predecessor-version":[{"id":6429,"href":"https:\/\/www.tim-oesterreich.at\/linz\/wp-json\/wp\/v2\/pages\/2\/revisions\/6429"}],"wp:attachment":[{"href":"https:\/\/www.tim-oesterreich.at\/linz\/wp-json\/wp\/v2\/media?parent=2"}],"curies":[{"name":"wp","href":"https:\/\/api.w.org\/{rel}","templated":true}]}}